{"id":80248,"date":"2024-09-25T22:06:02","date_gmt":"2024-09-25T20:06:02","guid":{"rendered":"https:\/\/bertsch-holzbau.eu\/produkt\/panta9-350-x-500-an\/"},"modified":"2024-10-21T11:40:36","modified_gmt":"2024-10-21T09:40:36","slug":"panta9-350-x-500-an","status":"publish","type":"produkt","link":"https:\/\/bertsch-holzbau.eu\/hu\/produkt\/panta9-350-x-500-an\/","title":{"rendered":"PANTA9 350 X 500 AN"},"content":{"rendered":"\n<figure class=\"wp-block-table\"><table class=\"has-fixed-layout\"><tbody><tr><td>Rendszer t\u00edpusa<\/td><td>R\u00f6nkh\u00e1zak&nbsp;\/ Kerti h\u00e1zak<\/td><\/tr><tr><td>Tet\u0151forma<\/td><td>Cs\u00facstet\u0151<\/td><\/tr><tr><td>Vastags\u00e1g&nbsp;<\/td><td>45 mm<\/td><\/tr><tr><td>Falm\u00e9retek (W\/D)<\/td><td>350 x 500 cm<\/td><\/tr><tr><td>Az oldalfal magass\u00e1ga<\/td><td>210 cm<\/td><\/tr><tr><td>Maxim\u00e1lis magass\u00e1g<\/td><td>300 cm<\/td><\/tr><tr><td>Szoba t\u00e9rfogata<\/td><td>43,2 m\u00b3<\/td><\/tr><tr><td>Falfel\u00fclet<\/td><td>32,8 m\u00b2<\/td><\/tr><tr><td>Tet\u0151fel\u00fclet<\/td><td>26 m\u00b2<\/td><\/tr><tr><td>Tet\u0151ny\u00falv\u00e1ny<\/td><td>30 cm<\/td><\/tr><tr><td>Tet\u0151 sz\u00f6ge<\/td><td>25 \u00b0<\/td><\/tr><tr><td>Ajt\u00f3k<\/td><td>DT 150 x 186, ET 88 x 186 cm<\/td><\/tr><tr><td>Ablakok<\/td><td>2 x DF 120 x 147 cm<\/td><\/tr><tr><td>Opcion\u00e1lis tartoz\u00e9kok<\/td><td>1 x ereszcsatorna: <br>12 x t\u00e9glalap alak\u00fa zsindely <br>12 x zsindelyh\u00e9j<\/td><\/tr><tr><td>T\u00e1rgy azonos\u00edt\u00f3ja<\/td><td>487<\/td><\/tr><\/tbody><\/table><\/figure>\n","protected":false},"featured_media":0,"comment_status":"open","ping_status":"closed","template":"","produkt-category":[681,613],"class_list":["post-80248","produkt","type-produkt","status-publish","hentry","produkt-category-log-cabin-hu","produkt-category-profil-hazak"],"acf":[],"yoast_head":"<!-- This site is optimized with the Yoast SEO plugin v27.8 - https:\/\/yoast.com\/product\/yoast-seo-wordpress\/ -->\n<title>PANTA9 350 X 500 AN - BHB Bertsch Holzbau<\/title>\n<meta name=\"robots\" content=\"index, follow, max-snippet:-1, max-image-preview:large, max-video-preview:-1\" \/>\n<meta property=\"og:locale\" content=\"hu_HU\" \/>\n<meta property=\"og:type\" content=\"article\" \/>\n<meta property=\"og:title\" content=\"PANTA9 350 X 500 AN - BHB Bertsch Holzbau\" \/>\n<meta property=\"og:description\" content=\"Rendszer t\u00edpusa R\u00f6nkh\u00e1zak&nbsp;\/ Kerti h\u00e1zak Tet\u0151forma Cs\u00facstet\u0151 Vastags\u00e1g&nbsp; 45 mm Falm\u00e9retek (W\/D) 350 x 500 cm Az oldalfal magass\u00e1ga 210 cm Maxim\u00e1lis magass\u00e1g 300 cm Szoba t\u00e9rfogata 43,2 m\u00b3 Falfel\u00fclet 32,8 m\u00b2 Tet\u0151fel\u00fclet 26 m\u00b2 Tet\u0151ny\u00falv\u00e1ny 30 cm Tet\u0151 sz\u00f6ge 25 \u00b0 Ajt\u00f3k DT 150 x 186, ET 88 x 186 cm Ablakok 2 x [&hellip;]\" \/>\n<meta property=\"og:url\" content=\"https:\/\/bertsch-holzbau.eu\/hu\/produkt\/panta9-350-x-500-an\/\" \/>\n<meta property=\"og:site_name\" content=\"BHB Bertsch Holzbau\" \/>\n<meta property=\"article:publisher\" content=\"https:\/\/www.facebook.com\/bertschholzbau\/\" \/>\n<meta property=\"article:modified_time\" content=\"2024-10-21T09:40:36+00:00\" \/>\n<meta name=\"twitter:card\" content=\"summary_large_image\" \/>\n<meta name=\"twitter:label1\" content=\"Becs\u00fclt olvas\u00e1si id\u0151\" \/>\n\t<meta name=\"twitter:data1\" content=\"1 perc\" \/>\n<script type=\"application\/ld+json\" class=\"yoast-schema-graph\">{\"@context\":\"https:\\\/\\\/schema.org\",\"@graph\":[{\"@type\":\"WebPage\",\"@id\":\"https:\\\/\\\/bertsch-holzbau.eu\\\/hu\\\/produkt\\\/panta9-350-x-500-an\\\/\",\"url\":\"https:\\\/\\\/bertsch-holzbau.eu\\\/hu\\\/produkt\\\/panta9-350-x-500-an\\\/\",\"name\":\"PANTA9 350 X 500 AN - BHB Bertsch Holzbau\",\"isPartOf\":{\"@id\":\"https:\\\/\\\/bertsch-holzbau.eu\\\/hu\\\/#website\"},\"datePublished\":\"2024-09-25T20:06:02+00:00\",\"dateModified\":\"2024-10-21T09:40:36+00:00\",\"breadcrumb\":{\"@id\":\"https:\\\/\\\/bertsch-holzbau.eu\\\/hu\\\/produkt\\\/panta9-350-x-500-an\\\/#breadcrumb\"},\"inLanguage\":\"hu\",\"potentialAction\":[{\"@type\":\"ReadAction\",\"target\":[\"https:\\\/\\\/bertsch-holzbau.eu\\\/hu\\\/produkt\\\/panta9-350-x-500-an\\\/\"]}]},{\"@type\":\"BreadcrumbList\",\"@id\":\"https:\\\/\\\/bertsch-holzbau.eu\\\/hu\\\/produkt\\\/panta9-350-x-500-an\\\/#breadcrumb\",\"itemListElement\":[{\"@type\":\"ListItem\",\"position\":1,\"name\":\"Home\",\"item\":\"https:\\\/\\\/bertsch-holzbau.eu\\\/hu\\\/\"},{\"@type\":\"ListItem\",\"position\":2,\"name\":\"Produkty\",\"item\":\"https:\\\/\\\/bertsch-holzbau.eu\\\/hu\\\/produkt\\\/\"},{\"@type\":\"ListItem\",\"position\":3,\"name\":\"PANTA9 350 X 500 AN\"}]},{\"@type\":\"WebSite\",\"@id\":\"https:\\\/\\\/bertsch-holzbau.eu\\\/hu\\\/#website\",\"url\":\"https:\\\/\\\/bertsch-holzbau.eu\\\/hu\\\/\",\"name\":\"BHB Bertsch Holzbau\",\"description\":\"\",\"publisher\":{\"@id\":\"https:\\\/\\\/bertsch-holzbau.eu\\\/hu\\\/#organization\"},\"potentialAction\":[{\"@type\":\"SearchAction\",\"target\":{\"@type\":\"EntryPoint\",\"urlTemplate\":\"https:\\\/\\\/bertsch-holzbau.eu\\\/hu\\\/?s={search_term_string}\"},\"query-input\":{\"@type\":\"PropertyValueSpecification\",\"valueRequired\":true,\"valueName\":\"search_term_string\"}}],\"inLanguage\":\"hu\"},[]]}<\/script>\n<!-- \/ Yoast SEO plugin. -->","yoast_head_json":{"title":"PANTA9 350 X 500 AN - BHB Bertsch Holzbau","robots":{"index":"index","follow":"follow","max-snippet":"max-snippet:-1","max-image-preview":"max-image-preview:large","max-video-preview":"max-video-preview:-1"},"og_locale":"hu_HU","og_type":"article","og_title":"PANTA9 350 X 500 AN - BHB Bertsch Holzbau","og_description":"Rendszer t\u00edpusa R\u00f6nkh\u00e1zak&nbsp;\/ Kerti h\u00e1zak Tet\u0151forma Cs\u00facstet\u0151 Vastags\u00e1g&nbsp; 45 mm Falm\u00e9retek (W\/D) 350 x 500 cm Az oldalfal magass\u00e1ga 210 cm Maxim\u00e1lis magass\u00e1g 300 cm Szoba t\u00e9rfogata 43,2 m\u00b3 Falfel\u00fclet 32,8 m\u00b2 Tet\u0151fel\u00fclet 26 m\u00b2 Tet\u0151ny\u00falv\u00e1ny 30 cm Tet\u0151 sz\u00f6ge 25 \u00b0 Ajt\u00f3k DT 150 x 186, ET 88 x 186 cm Ablakok 2 x [&hellip;]","og_url":"https:\/\/bertsch-holzbau.eu\/hu\/produkt\/panta9-350-x-500-an\/","og_site_name":"BHB Bertsch Holzbau","article_publisher":"https:\/\/www.facebook.com\/bertschholzbau\/","article_modified_time":"2024-10-21T09:40:36+00:00","twitter_card":"summary_large_image","twitter_misc":{"Becs\u00fclt olvas\u00e1si id\u0151":"1 perc"},"schema":{"@context":"https:\/\/schema.org","@graph":[{"@type":"WebPage","@id":"https:\/\/bertsch-holzbau.eu\/hu\/produkt\/panta9-350-x-500-an\/","url":"https:\/\/bertsch-holzbau.eu\/hu\/produkt\/panta9-350-x-500-an\/","name":"PANTA9 350 X 500 AN - BHB Bertsch Holzbau","isPartOf":{"@id":"https:\/\/bertsch-holzbau.eu\/hu\/#website"},"datePublished":"2024-09-25T20:06:02+00:00","dateModified":"2024-10-21T09:40:36+00:00","breadcrumb":{"@id":"https:\/\/bertsch-holzbau.eu\/hu\/produkt\/panta9-350-x-500-an\/#breadcrumb"},"inLanguage":"hu","potentialAction":[{"@type":"ReadAction","target":["https:\/\/bertsch-holzbau.eu\/hu\/produkt\/panta9-350-x-500-an\/"]}]},{"@type":"BreadcrumbList","@id":"https:\/\/bertsch-holzbau.eu\/hu\/produkt\/panta9-350-x-500-an\/#breadcrumb","itemListElement":[{"@type":"ListItem","position":1,"name":"Home","item":"https:\/\/bertsch-holzbau.eu\/hu\/"},{"@type":"ListItem","position":2,"name":"Produkty","item":"https:\/\/bertsch-holzbau.eu\/hu\/produkt\/"},{"@type":"ListItem","position":3,"name":"PANTA9 350 X 500 AN"}]},{"@type":"WebSite","@id":"https:\/\/bertsch-holzbau.eu\/hu\/#website","url":"https:\/\/bertsch-holzbau.eu\/hu\/","name":"BHB Bertsch Holzbau","description":"","publisher":{"@id":"https:\/\/bertsch-holzbau.eu\/hu\/#organization"},"potentialAction":[{"@type":"SearchAction","target":{"@type":"EntryPoint","urlTemplate":"https:\/\/bertsch-holzbau.eu\/hu\/?s={search_term_string}"},"query-input":{"@type":"PropertyValueSpecification","valueRequired":true,"valueName":"search_term_string"}}],"inLanguage":"hu"},[]]}},"_links":{"self":[{"href":"https:\/\/bertsch-holzbau.eu\/hu\/wp-json\/wp\/v2\/produkt\/80248","targetHints":{"allow":["GET"]}}],"collection":[{"href":"https:\/\/bertsch-holzbau.eu\/hu\/wp-json\/wp\/v2\/produkt"}],"about":[{"href":"https:\/\/bertsch-holzbau.eu\/hu\/wp-json\/wp\/v2\/types\/produkt"}],"replies":[{"embeddable":true,"href":"https:\/\/bertsch-holzbau.eu\/hu\/wp-json\/wp\/v2\/comments?post=80248"}],"version-history":[{"count":1,"href":"https:\/\/bertsch-holzbau.eu\/hu\/wp-json\/wp\/v2\/produkt\/80248\/revisions"}],"predecessor-version":[{"id":81965,"href":"https:\/\/bertsch-holzbau.eu\/hu\/wp-json\/wp\/v2\/produkt\/80248\/revisions\/81965"}],"wp:attachment":[{"href":"https:\/\/bertsch-holzbau.eu\/hu\/wp-json\/wp\/v2\/media?parent=80248"}],"wp:term":[{"taxonomy":"produkt-category","embeddable":true,"href":"https:\/\/bertsch-holzbau.eu\/hu\/wp-json\/wp\/v2\/produkt-category?post=80248"}],"curies":[{"name":"wp","href":"https:\/\/api.w.org\/{rel}","templated":true}]}}

<figure class="wp-block-table"><table class="has-fixed-layout"><tbody><tr><td>Rendszer típusa</td><td>Rönkházak&nbsp;/ Kerti házak</td></tr><tr><td>Tetőforma</td><td>Csúcstető</td></tr><tr><td>Vastagság&nbsp;</td><td>45 mm</td></tr><tr><td>Falméretek (W/D)</td><td>350 x 500 cm</td></tr><tr><td>Az oldalfal magassága</td><td>210 cm</td></tr><tr><td>Maximális magasság</td><td>300 cm</td></tr><tr><td>Szoba térfogata</td><td>43,2 m³</td></tr><tr><td>Falfelület</td><td>32,8 m²</td></tr><tr><td>Tetőfelület</td><td>26 m²</td></tr><tr><td>Tetőnyúlvány</td><td>30 cm</td></tr><tr><td>Tető szöge</td><td>25 °</td></tr><tr><td>Ajtók</td><td>DT 150 x 186, ET 88 x 186 cm</td></tr><tr><td>Ablakok</td><td>2 x DF 120 x 147 cm</td></tr><tr><td>Opcionális tartozékok</td><td>1 x ereszcsatorna: <br>12 x téglalap alakú zsindely <br>12 x zsindelyhéj</td></tr><tr><td>Tárgy azonosítója</td><td>487</td></tr></tbody></table></figure>

<!-- This site is optimized with the Yoast SEO plugin v27.8 - https://yoast.com/product/yoast-seo-wordpress/ -->
<title>PANTA9 350 X 500 AN - BHB Bertsch Holzbau</title>
<meta name="robots" content="index, follow, max-snippet:-1, max-image-preview:large, max-video-preview:-1" />
<meta property="og:locale" content="hu_HU" />
<meta property="og:type" content="article" />
<meta property="og:title" content="PANTA9 350 X 500 AN - BHB Bertsch Holzbau" />
<meta property="og:description" content="Rendszer típusa Rönkházak&nbsp;/ Kerti házak Tetőforma Csúcstető Vastagság&nbsp; 45 mm Falméretek (W/D) 350 x 500 cm Az oldalfal magassága 210 cm Maximális magasság 300 cm Szoba térfogata 43,2 m³ Falfelület 32,8 m² Tetőfelület 26 m² Tetőnyúlvány 30 cm Tető szöge 25 ° Ajtók DT 150 x 186, ET 88 x 186 cm Ablakok 2 x [&hellip;]" />
<meta property="og:url" content="https://bertsch-holzbau.eu/hu/produkt/panta9-350-x-500-an/" />
<meta property="og:site_name" content="BHB Bertsch Holzbau" />
<meta property="article:publisher" content="https://www.facebook.com/bertschholzbau/" />
<meta property="article:modified_time" content="2024-10-21T09:40:36+00:00" />
<meta name="twitter:card" content="summary_large_image" />
<meta name="twitter:label1" content="Becsült olvasási idő" />
	<meta name="twitter:data1" content="1 perc" />
<script type="application/ld+json" class="yoast-schema-graph">{"@context":"https:\/\/schema.org","@graph":[{"@type":"WebPage","@id":"https:\/\/bertsch-holzbau.eu\/hu\/produkt\/panta9-350-x-500-an\/","url":"https:\/\/bertsch-holzbau.eu\/hu\/produkt\/panta9-350-x-500-an\/","name":"PANTA9 350 X 500 AN - BHB Bertsch Holzbau","isPartOf":{"@id":"https:\/\/bertsch-holzbau.eu\/hu\/#website"},"datePublished":"2024-09-25T20:06:02+00:00","dateModified":"2024-10-21T09:40:36+00:00","breadcrumb":{"@id":"https:\/\/bertsch-holzbau.eu\/hu\/produkt\/panta9-350-x-500-an\/#breadcrumb"},"inLanguage":"hu","potentialAction":[{"@type":"ReadAction","target":["https:\/\/bertsch-holzbau.eu\/hu\/produkt\/panta9-350-x-500-an\/"]}]},{"@type":"BreadcrumbList","@id":"https:\/\/bertsch-holzbau.eu\/hu\/produkt\/panta9-350-x-500-an\/#breadcrumb","itemListElement":[{"@type":"ListItem","position":1,"name":"Home","item":"https:\/\/bertsch-holzbau.eu\/hu\/"},{"@type":"ListItem","position":2,"name":"Produkty","item":"https:\/\/bertsch-holzbau.eu\/hu\/produkt\/"},{"@type":"ListItem","position":3,"name":"PANTA9 350 X 500 AN"}]},{"@type":"WebSite","@id":"https:\/\/bertsch-holzbau.eu\/hu\/#website","url":"https:\/\/bertsch-holzbau.eu\/hu\/","name":"BHB Bertsch Holzbau","description":"","publisher":{"@id":"https:\/\/bertsch-holzbau.eu\/hu\/#organization"},"potentialAction":[{"@type":"SearchAction","target":{"@type":"EntryPoint","urlTemplate":"https:\/\/bertsch-holzbau.eu\/hu\/?s={search_term_string}"},"query-input":{"@type":"PropertyValueSpecification","valueRequired":true,"valueName":"search_term_string"}}],"inLanguage":"hu"},[]]}</script>
<!-- / Yoast SEO plugin. -->

Rendszer típusa Rönkházak&nbsp;/ Kerti házak Tetőforma Csúcstető Vastagság&nbsp; 45 mm Falméretek (W/D) 350 x 500 cm Az oldalfal magassága 210 cm Maximális magasság 300 cm Szoba térfogata 43,2 m³ Falfelület 32,8 m² Tetőfelület 26 m² Tetőnyúlvány 30 cm Tető szöge 25 ° Ajtók DT 150 x 186, ET 88 x 186 cm Ablakok 2 x [&hellip;]
