{"id":84344,"date":"2024-10-28T17:55:40","date_gmt":"2024-10-28T16:55:40","guid":{"rendered":"https:\/\/bertsch-holzbau.eu\/produkt\/cara-brilo-7541-f-three-sided-extension\/"},"modified":"2024-10-28T18:00:35","modified_gmt":"2024-10-28T17:00:35","slug":"cara-brilo-7541-f-three-sided-extension","status":"publish","type":"produkt","link":"https:\/\/bertsch-holzbau.eu\/fr\/produkt\/cara-brilo-7541-f-three-sided-extension\/","title":{"rendered":"CARA BRILO 7541 F (THREE-SIDED EXTENSION)"},"content":{"rendered":"\n<figure class=\"wp-block-table\"><table class=\"has-fixed-layout\"><tbody><tr><td>Type de syst\u00e8me<\/td><td>Construction de Poteaux et Poutres&nbsp;\/ CARA<\/td><\/tr><tr><td>Forme de toit<\/td><td>Toit plat<\/td><\/tr><tr><td>Madriers<\/td><td>25 mm<\/td><\/tr><tr><td>Dimensions des murs&nbsp;(L\/l)<\/td><td>751 x 416 cm<\/td><\/tr><tr><td>Hauteur de Paroi Lat\u00e9rale<\/td><td>260 cm<\/td><\/tr><tr><td>La Hauteur de Fa\u00eetage<\/td><td>246 cm<\/td><\/tr><tr><td>Volume de la pi\u00e8ce<\/td><td>77 m\u00b3<\/td><\/tr><tr><td>Surface murale<\/td><td>51 m\u00b2<\/td><\/tr><tr><td>Surface du toit<\/td><td>38 m\u00b2<\/td><\/tr><tr><td>D\u00e9bord de toit \/ Avant<\/td><td>50 cm<\/td><\/tr><tr><td>D\u00e9bord de toit&nbsp;\/ Arri\u00e8re<\/td><td>20 cm<\/td><\/tr><tr><td>D\u00e9bord de toit&nbsp;\/ Gauche<\/td><td>20 cm<\/td><\/tr><tr><td>D\u00e9bord de toit&nbsp;\/ Droite<\/td><td>0 cm<\/td><\/tr><tr><td>La Pente de Toit<\/td><td>1 \u00b0<\/td><\/tr><tr><td>Porte<\/td><td>ET 88 x 200, ST 200 x 200 cm<\/td><\/tr><tr><td>Fen\u00eatre<\/td><td>2 x EF 190 x 50 cm<\/td><\/tr><tr><td>Accessoires en Option<\/td><td>2 x Tuyau de Descente: F2<br>1 x Feuille EPDM: EPDM-0185<\/td><\/tr><tr><td>ID d&rsquo;objet<\/td><td>396<\/td><\/tr><\/tbody><\/table><\/figure>\n","protected":false},"featured_media":0,"comment_status":"open","ping_status":"closed","template":"","produkt-category":[94],"class_list":["post-84344","produkt","type-produkt","status-publish","hentry","produkt-category-garden-sheds-fr"],"acf":[],"yoast_head":"<!-- This site is optimized with the Yoast SEO plugin v27.8 - https:\/\/yoast.com\/product\/yoast-seo-wordpress\/ -->\n<title>CARA BRILO 7541 F (THREE-SIDED EXTENSION) - BHB Bertsch Holzbau<\/title>\n<meta name=\"robots\" content=\"index, follow, max-snippet:-1, max-image-preview:large, max-video-preview:-1\" \/>\n<meta property=\"og:locale\" content=\"fr_FR\" \/>\n<meta property=\"og:type\" content=\"article\" \/>\n<meta property=\"og:title\" content=\"CARA BRILO 7541 F (THREE-SIDED EXTENSION) - BHB Bertsch Holzbau\" \/>\n<meta property=\"og:description\" content=\"Type de syst\u00e8me Construction de Poteaux et Poutres&nbsp;\/ CARA Forme de toit Toit plat Madriers 25 mm Dimensions des murs&nbsp;(L\/l) 751 x 416 cm Hauteur de Paroi Lat\u00e9rale 260 cm La Hauteur de Fa\u00eetage 246 cm Volume de la pi\u00e8ce 77 m\u00b3 Surface murale 51 m\u00b2 Surface du toit 38 m\u00b2 D\u00e9bord de toit \/ [&hellip;]\" \/>\n<meta property=\"og:url\" content=\"https:\/\/bertsch-holzbau.eu\/fr\/produkt\/cara-brilo-7541-f-three-sided-extension\/\" \/>\n<meta property=\"og:site_name\" content=\"BHB Bertsch Holzbau\" \/>\n<meta property=\"article:publisher\" content=\"https:\/\/www.facebook.com\/bertschholzbau\/\" \/>\n<meta property=\"article:modified_time\" content=\"2024-10-28T17:00:35+00:00\" \/>\n<meta name=\"twitter:card\" content=\"summary_large_image\" \/>\n<meta name=\"twitter:label1\" content=\"Dur\u00e9e de lecture estim\u00e9e\" \/>\n\t<meta name=\"twitter:data1\" content=\"1 minute\" \/>\n<script type=\"application\/ld+json\" class=\"yoast-schema-graph\">{\"@context\":\"https:\\\/\\\/schema.org\",\"@graph\":[{\"@type\":\"WebPage\",\"@id\":\"https:\\\/\\\/bertsch-holzbau.eu\\\/fr\\\/produkt\\\/cara-brilo-7541-f-three-sided-extension\\\/\",\"url\":\"https:\\\/\\\/bertsch-holzbau.eu\\\/fr\\\/produkt\\\/cara-brilo-7541-f-three-sided-extension\\\/\",\"name\":\"CARA BRILO 7541 F (THREE-SIDED EXTENSION) - BHB Bertsch Holzbau\",\"isPartOf\":{\"@id\":\"https:\\\/\\\/bertsch-holzbau.eu\\\/fr\\\/#website\"},\"datePublished\":\"2024-10-28T16:55:40+00:00\",\"dateModified\":\"2024-10-28T17:00:35+00:00\",\"breadcrumb\":{\"@id\":\"https:\\\/\\\/bertsch-holzbau.eu\\\/fr\\\/produkt\\\/cara-brilo-7541-f-three-sided-extension\\\/#breadcrumb\"},\"inLanguage\":\"fr-FR\",\"potentialAction\":[{\"@type\":\"ReadAction\",\"target\":[\"https:\\\/\\\/bertsch-holzbau.eu\\\/fr\\\/produkt\\\/cara-brilo-7541-f-three-sided-extension\\\/\"]}]},{\"@type\":\"BreadcrumbList\",\"@id\":\"https:\\\/\\\/bertsch-holzbau.eu\\\/fr\\\/produkt\\\/cara-brilo-7541-f-three-sided-extension\\\/#breadcrumb\",\"itemListElement\":[{\"@type\":\"ListItem\",\"position\":1,\"name\":\"Home\",\"item\":\"https:\\\/\\\/bertsch-holzbau.eu\\\/fr\\\/\"},{\"@type\":\"ListItem\",\"position\":2,\"name\":\"Produkty\",\"item\":\"https:\\\/\\\/bertsch-holzbau.eu\\\/fr\\\/produkt\\\/\"},{\"@type\":\"ListItem\",\"position\":3,\"name\":\"CARA BRILO 7541 F (THREE-SIDED EXTENSION)\"}]},{\"@type\":\"WebSite\",\"@id\":\"https:\\\/\\\/bertsch-holzbau.eu\\\/fr\\\/#website\",\"url\":\"https:\\\/\\\/bertsch-holzbau.eu\\\/fr\\\/\",\"name\":\"BHB Bertsch Holzbau\",\"description\":\"\",\"publisher\":{\"@id\":\"https:\\\/\\\/bertsch-holzbau.eu\\\/fr\\\/#organization\"},\"potentialAction\":[{\"@type\":\"SearchAction\",\"target\":{\"@type\":\"EntryPoint\",\"urlTemplate\":\"https:\\\/\\\/bertsch-holzbau.eu\\\/fr\\\/?s={search_term_string}\"},\"query-input\":{\"@type\":\"PropertyValueSpecification\",\"valueRequired\":true,\"valueName\":\"search_term_string\"}}],\"inLanguage\":\"fr-FR\"},[]]}<\/script>\n<!-- \/ Yoast SEO plugin. -->","yoast_head_json":{"title":"CARA BRILO 7541 F (THREE-SIDED EXTENSION) - BHB Bertsch Holzbau","robots":{"index":"index","follow":"follow","max-snippet":"max-snippet:-1","max-image-preview":"max-image-preview:large","max-video-preview":"max-video-preview:-1"},"og_locale":"fr_FR","og_type":"article","og_title":"CARA BRILO 7541 F (THREE-SIDED EXTENSION) - BHB Bertsch Holzbau","og_description":"Type de syst\u00e8me Construction de Poteaux et Poutres&nbsp;\/ CARA Forme de toit Toit plat Madriers 25 mm Dimensions des murs&nbsp;(L\/l) 751 x 416 cm Hauteur de Paroi Lat\u00e9rale 260 cm La Hauteur de Fa\u00eetage 246 cm Volume de la pi\u00e8ce 77 m\u00b3 Surface murale 51 m\u00b2 Surface du toit 38 m\u00b2 D\u00e9bord de toit \/ [&hellip;]","og_url":"https:\/\/bertsch-holzbau.eu\/fr\/produkt\/cara-brilo-7541-f-three-sided-extension\/","og_site_name":"BHB Bertsch Holzbau","article_publisher":"https:\/\/www.facebook.com\/bertschholzbau\/","article_modified_time":"2024-10-28T17:00:35+00:00","twitter_card":"summary_large_image","twitter_misc":{"Dur\u00e9e de lecture estim\u00e9e":"1 minute"},"schema":{"@context":"https:\/\/schema.org","@graph":[{"@type":"WebPage","@id":"https:\/\/bertsch-holzbau.eu\/fr\/produkt\/cara-brilo-7541-f-three-sided-extension\/","url":"https:\/\/bertsch-holzbau.eu\/fr\/produkt\/cara-brilo-7541-f-three-sided-extension\/","name":"CARA BRILO 7541 F (THREE-SIDED EXTENSION) - BHB Bertsch Holzbau","isPartOf":{"@id":"https:\/\/bertsch-holzbau.eu\/fr\/#website"},"datePublished":"2024-10-28T16:55:40+00:00","dateModified":"2024-10-28T17:00:35+00:00","breadcrumb":{"@id":"https:\/\/bertsch-holzbau.eu\/fr\/produkt\/cara-brilo-7541-f-three-sided-extension\/#breadcrumb"},"inLanguage":"fr-FR","potentialAction":[{"@type":"ReadAction","target":["https:\/\/bertsch-holzbau.eu\/fr\/produkt\/cara-brilo-7541-f-three-sided-extension\/"]}]},{"@type":"BreadcrumbList","@id":"https:\/\/bertsch-holzbau.eu\/fr\/produkt\/cara-brilo-7541-f-three-sided-extension\/#breadcrumb","itemListElement":[{"@type":"ListItem","position":1,"name":"Home","item":"https:\/\/bertsch-holzbau.eu\/fr\/"},{"@type":"ListItem","position":2,"name":"Produkty","item":"https:\/\/bertsch-holzbau.eu\/fr\/produkt\/"},{"@type":"ListItem","position":3,"name":"CARA BRILO 7541 F (THREE-SIDED EXTENSION)"}]},{"@type":"WebSite","@id":"https:\/\/bertsch-holzbau.eu\/fr\/#website","url":"https:\/\/bertsch-holzbau.eu\/fr\/","name":"BHB Bertsch Holzbau","description":"","publisher":{"@id":"https:\/\/bertsch-holzbau.eu\/fr\/#organization"},"potentialAction":[{"@type":"SearchAction","target":{"@type":"EntryPoint","urlTemplate":"https:\/\/bertsch-holzbau.eu\/fr\/?s={search_term_string}"},"query-input":{"@type":"PropertyValueSpecification","valueRequired":true,"valueName":"search_term_string"}}],"inLanguage":"fr-FR"},[]]}},"_links":{"self":[{"href":"https:\/\/bertsch-holzbau.eu\/fr\/wp-json\/wp\/v2\/produkt\/84344","targetHints":{"allow":["GET"]}}],"collection":[{"href":"https:\/\/bertsch-holzbau.eu\/fr\/wp-json\/wp\/v2\/produkt"}],"about":[{"href":"https:\/\/bertsch-holzbau.eu\/fr\/wp-json\/wp\/v2\/types\/produkt"}],"replies":[{"embeddable":true,"href":"https:\/\/bertsch-holzbau.eu\/fr\/wp-json\/wp\/v2\/comments?post=84344"}],"version-history":[{"count":1,"href":"https:\/\/bertsch-holzbau.eu\/fr\/wp-json\/wp\/v2\/produkt\/84344\/revisions"}],"predecessor-version":[{"id":84355,"href":"https:\/\/bertsch-holzbau.eu\/fr\/wp-json\/wp\/v2\/produkt\/84344\/revisions\/84355"}],"wp:attachment":[{"href":"https:\/\/bertsch-holzbau.eu\/fr\/wp-json\/wp\/v2\/media?parent=84344"}],"wp:term":[{"taxonomy":"produkt-category","embeddable":true,"href":"https:\/\/bertsch-holzbau.eu\/fr\/wp-json\/wp\/v2\/produkt-category?post=84344"}],"curies":[{"name":"wp","href":"https:\/\/api.w.org\/{rel}","templated":true}]}}

<figure class="wp-block-table"><table class="has-fixed-layout"><tbody><tr><td>Type de système</td><td>Construction de Poteaux et Poutres&nbsp;/ CARA</td></tr><tr><td>Forme de toit</td><td>Toit plat</td></tr><tr><td>Madriers</td><td>25 mm</td></tr><tr><td>Dimensions des murs&nbsp;(L/l)</td><td>751 x 416 cm</td></tr><tr><td>Hauteur de Paroi Latérale</td><td>260 cm</td></tr><tr><td>La Hauteur de Faîtage</td><td>246 cm</td></tr><tr><td>Volume de la pièce</td><td>77 m³</td></tr><tr><td>Surface murale</td><td>51 m²</td></tr><tr><td>Surface du toit</td><td>38 m²</td></tr><tr><td>Débord de toit / Avant</td><td>50 cm</td></tr><tr><td>Débord de toit&nbsp;/ Arrière</td><td>20 cm</td></tr><tr><td>Débord de toit&nbsp;/ Gauche</td><td>20 cm</td></tr><tr><td>Débord de toit&nbsp;/ Droite</td><td>0 cm</td></tr><tr><td>La Pente de Toit</td><td>1 °</td></tr><tr><td>Porte</td><td>ET 88 x 200, ST 200 x 200 cm</td></tr><tr><td>Fenêtre</td><td>2 x EF 190 x 50 cm</td></tr><tr><td>Accessoires en Option</td><td>2 x Tuyau de Descente: F2<br>1 x Feuille EPDM: EPDM-0185</td></tr><tr><td>ID d&rsquo;objet</td><td>396</td></tr></tbody></table></figure>

<!-- This site is optimized with the Yoast SEO plugin v27.8 - https://yoast.com/product/yoast-seo-wordpress/ -->
<title>CARA BRILO 7541 F (THREE-SIDED EXTENSION) - BHB Bertsch Holzbau</title>
<meta name="robots" content="index, follow, max-snippet:-1, max-image-preview:large, max-video-preview:-1" />
<meta property="og:locale" content="fr_FR" />
<meta property="og:type" content="article" />
<meta property="og:title" content="CARA BRILO 7541 F (THREE-SIDED EXTENSION) - BHB Bertsch Holzbau" />
<meta property="og:description" content="Type de système Construction de Poteaux et Poutres&nbsp;/ CARA Forme de toit Toit plat Madriers 25 mm Dimensions des murs&nbsp;(L/l) 751 x 416 cm Hauteur de Paroi Latérale 260 cm La Hauteur de Faîtage 246 cm Volume de la pièce 77 m³ Surface murale 51 m² Surface du toit 38 m² Débord de toit / [&hellip;]" />
<meta property="og:url" content="https://bertsch-holzbau.eu/fr/produkt/cara-brilo-7541-f-three-sided-extension/" />
<meta property="og:site_name" content="BHB Bertsch Holzbau" />
<meta property="article:publisher" content="https://www.facebook.com/bertschholzbau/" />
<meta property="article:modified_time" content="2024-10-28T17:00:35+00:00" />
<meta name="twitter:card" content="summary_large_image" />
<meta name="twitter:label1" content="Durée de lecture estimée" />
	<meta name="twitter:data1" content="1 minute" />
<script type="application/ld+json" class="yoast-schema-graph">{"@context":"https:\/\/schema.org","@graph":[{"@type":"WebPage","@id":"https:\/\/bertsch-holzbau.eu\/fr\/produkt\/cara-brilo-7541-f-three-sided-extension\/","url":"https:\/\/bertsch-holzbau.eu\/fr\/produkt\/cara-brilo-7541-f-three-sided-extension\/","name":"CARA BRILO 7541 F (THREE-SIDED EXTENSION) - BHB Bertsch Holzbau","isPartOf":{"@id":"https:\/\/bertsch-holzbau.eu\/fr\/#website"},"datePublished":"2024-10-28T16:55:40+00:00","dateModified":"2024-10-28T17:00:35+00:00","breadcrumb":{"@id":"https:\/\/bertsch-holzbau.eu\/fr\/produkt\/cara-brilo-7541-f-three-sided-extension\/#breadcrumb"},"inLanguage":"fr-FR","potentialAction":[{"@type":"ReadAction","target":["https:\/\/bertsch-holzbau.eu\/fr\/produkt\/cara-brilo-7541-f-three-sided-extension\/"]}]},{"@type":"BreadcrumbList","@id":"https:\/\/bertsch-holzbau.eu\/fr\/produkt\/cara-brilo-7541-f-three-sided-extension\/#breadcrumb","itemListElement":[{"@type":"ListItem","position":1,"name":"Home","item":"https:\/\/bertsch-holzbau.eu\/fr\/"},{"@type":"ListItem","position":2,"name":"Produkty","item":"https:\/\/bertsch-holzbau.eu\/fr\/produkt\/"},{"@type":"ListItem","position":3,"name":"CARA BRILO 7541 F (THREE-SIDED EXTENSION)"}]},{"@type":"WebSite","@id":"https:\/\/bertsch-holzbau.eu\/fr\/#website","url":"https:\/\/bertsch-holzbau.eu\/fr\/","name":"BHB Bertsch Holzbau","description":"","publisher":{"@id":"https:\/\/bertsch-holzbau.eu\/fr\/#organization"},"potentialAction":[{"@type":"SearchAction","target":{"@type":"EntryPoint","urlTemplate":"https:\/\/bertsch-holzbau.eu\/fr\/?s={search_term_string}"},"query-input":{"@type":"PropertyValueSpecification","valueRequired":true,"valueName":"search_term_string"}}],"inLanguage":"fr-FR"},[]]}</script>
<!-- / Yoast SEO plugin. -->

Type de système Construction de Poteaux et Poutres&nbsp;/ CARA Forme de toit Toit plat Madriers 25 mm Dimensions des murs&nbsp;(L/l) 751 x 416 cm Hauteur de Paroi Latérale 260 cm La Hauteur de Faîtage 246 cm Volume de la pièce 77 m³ Surface murale 51 m² Surface du toit 38 m² Débord de toit / [&hellip;]
