{"id":78227,"date":"2024-10-18T08:51:18","date_gmt":"2024-10-18T06:51:18","guid":{"rendered":"https:\/\/bertsch-holzbau.eu\/produkt\/cara-wesel-2944-p-100-sd\/"},"modified":"2024-10-18T08:53:06","modified_gmt":"2024-10-18T06:53:06","slug":"cara-wesel-2944-p-100-sd","status":"publish","type":"produkt","link":"https:\/\/bertsch-holzbau.eu\/fr\/produkt\/cara-wesel-2944-p-100-sd\/","title":{"rendered":"CARA WESEL 2944 P + 100 SD"},"content":{"rendered":"\n<figure class=\"wp-block-table\"><table class=\"has-fixed-layout\"><tbody><tr><td>Type de syst\u00e8me<\/td><td>Construction de Poteaux et Poutres&nbsp;\/ CARA<\/td><\/tr><tr><td>Forme de toit<\/td><td>Toit monopente<\/td><\/tr><tr><td>Madriers<\/td><td>28 mm<\/td><\/tr><tr><td>Dimensions des murs&nbsp;(L\/l)<\/td><td>294\/332 x 436 cm<\/td><\/tr><tr><td>Hauteur de Paroi Lat\u00e9rale<\/td><td>197 cm<\/td><\/tr><tr><td>La Hauteur de Fa\u00eetage<\/td><td>240 cm<\/td><\/tr><tr><td>Volume de la pi\u00e8ce<\/td><td>35 m\u00b3<\/td><\/tr><tr><td>Surface murale<\/td><td>28,8 m\u00b2<\/td><\/tr><tr><td>Surface du toit<\/td><td>22 m\u00b2<\/td><\/tr><tr><td>D\u00e9bord de toit \/ Avant<\/td><td>30 cm<\/td><\/tr><tr><td>D\u00e9bord de toit&nbsp;\/ Arri\u00e8re<\/td><td>20 cm<\/td><\/tr><tr><td>D\u00e9bord de toit&nbsp;\/ Gauche<\/td><td>20 cm<\/td><\/tr><tr><td>D\u00e9bord de toit&nbsp;\/ Droite<\/td><td>20 cm<\/td><\/tr><tr><td>La Pente de Toit<\/td><td>8 \u00b0<\/td><\/tr><tr><td>Porte<\/td><td>ET 115 x 200 cm<\/td><\/tr><tr><td>Fen\u00eatre<\/td><td>2 x EF 70 x 170 cm<\/td><\/tr><tr><td>Accessoires en Option<\/td><td>1 x Goutti\u00e8re: 303B<br>1 x Feuille EPDM: EPDM-0073<\/td><\/tr><tr><td>ID d&rsquo;objet<\/td><td>15<\/td><\/tr><\/tbody><\/table><\/figure>\n","protected":false},"featured_media":0,"comment_status":"open","ping_status":"closed","template":"","produkt-category":[94],"class_list":["post-78227","produkt","type-produkt","status-publish","hentry","produkt-category-garden-sheds-fr"],"acf":[],"yoast_head":"<!-- This site is optimized with the Yoast SEO plugin v27.8 - https:\/\/yoast.com\/product\/yoast-seo-wordpress\/ -->\n<title>CARA WESEL 2944 P + 100 SD - BHB Bertsch Holzbau<\/title>\n<meta name=\"robots\" content=\"index, follow, max-snippet:-1, max-image-preview:large, max-video-preview:-1\" \/>\n<meta property=\"og:locale\" content=\"fr_FR\" \/>\n<meta property=\"og:type\" content=\"article\" \/>\n<meta property=\"og:title\" content=\"CARA WESEL 2944 P + 100 SD - BHB Bertsch Holzbau\" \/>\n<meta property=\"og:description\" content=\"Type de syst\u00e8me Construction de Poteaux et Poutres&nbsp;\/ CARA Forme de toit Toit monopente Madriers 28 mm Dimensions des murs&nbsp;(L\/l) 294\/332 x 436 cm Hauteur de Paroi Lat\u00e9rale 197 cm La Hauteur de Fa\u00eetage 240 cm Volume de la pi\u00e8ce 35 m\u00b3 Surface murale 28,8 m\u00b2 Surface du toit 22 m\u00b2 D\u00e9bord de toit \/ [&hellip;]\" \/>\n<meta property=\"og:url\" content=\"https:\/\/bertsch-holzbau.eu\/fr\/produkt\/cara-wesel-2944-p-100-sd\/\" \/>\n<meta property=\"og:site_name\" content=\"BHB Bertsch Holzbau\" \/>\n<meta property=\"article:publisher\" content=\"https:\/\/www.facebook.com\/bertschholzbau\/\" \/>\n<meta property=\"article:modified_time\" content=\"2024-10-18T06:53:06+00:00\" \/>\n<meta name=\"twitter:card\" content=\"summary_large_image\" \/>\n<meta name=\"twitter:label1\" content=\"Dur\u00e9e de lecture estim\u00e9e\" \/>\n\t<meta name=\"twitter:data1\" content=\"1 minute\" \/>\n<script type=\"application\/ld+json\" class=\"yoast-schema-graph\">{\"@context\":\"https:\\\/\\\/schema.org\",\"@graph\":[{\"@type\":\"WebPage\",\"@id\":\"https:\\\/\\\/bertsch-holzbau.eu\\\/fr\\\/produkt\\\/cara-wesel-2944-p-100-sd\\\/\",\"url\":\"https:\\\/\\\/bertsch-holzbau.eu\\\/fr\\\/produkt\\\/cara-wesel-2944-p-100-sd\\\/\",\"name\":\"CARA WESEL 2944 P + 100 SD - BHB Bertsch Holzbau\",\"isPartOf\":{\"@id\":\"https:\\\/\\\/bertsch-holzbau.eu\\\/fr\\\/#website\"},\"datePublished\":\"2024-10-18T06:51:18+00:00\",\"dateModified\":\"2024-10-18T06:53:06+00:00\",\"breadcrumb\":{\"@id\":\"https:\\\/\\\/bertsch-holzbau.eu\\\/fr\\\/produkt\\\/cara-wesel-2944-p-100-sd\\\/#breadcrumb\"},\"inLanguage\":\"fr-FR\",\"potentialAction\":[{\"@type\":\"ReadAction\",\"target\":[\"https:\\\/\\\/bertsch-holzbau.eu\\\/fr\\\/produkt\\\/cara-wesel-2944-p-100-sd\\\/\"]}]},{\"@type\":\"BreadcrumbList\",\"@id\":\"https:\\\/\\\/bertsch-holzbau.eu\\\/fr\\\/produkt\\\/cara-wesel-2944-p-100-sd\\\/#breadcrumb\",\"itemListElement\":[{\"@type\":\"ListItem\",\"position\":1,\"name\":\"Home\",\"item\":\"https:\\\/\\\/bertsch-holzbau.eu\\\/fr\\\/\"},{\"@type\":\"ListItem\",\"position\":2,\"name\":\"Produkty\",\"item\":\"https:\\\/\\\/bertsch-holzbau.eu\\\/fr\\\/produkt\\\/\"},{\"@type\":\"ListItem\",\"position\":3,\"name\":\"CARA WESEL 2944 P + 100 SD\"}]},{\"@type\":\"WebSite\",\"@id\":\"https:\\\/\\\/bertsch-holzbau.eu\\\/fr\\\/#website\",\"url\":\"https:\\\/\\\/bertsch-holzbau.eu\\\/fr\\\/\",\"name\":\"BHB Bertsch Holzbau\",\"description\":\"\",\"publisher\":{\"@id\":\"https:\\\/\\\/bertsch-holzbau.eu\\\/fr\\\/#organization\"},\"potentialAction\":[{\"@type\":\"SearchAction\",\"target\":{\"@type\":\"EntryPoint\",\"urlTemplate\":\"https:\\\/\\\/bertsch-holzbau.eu\\\/fr\\\/?s={search_term_string}\"},\"query-input\":{\"@type\":\"PropertyValueSpecification\",\"valueRequired\":true,\"valueName\":\"search_term_string\"}}],\"inLanguage\":\"fr-FR\"},[]]}<\/script>\n<!-- \/ Yoast SEO plugin. -->","yoast_head_json":{"title":"CARA WESEL 2944 P + 100 SD - BHB Bertsch Holzbau","robots":{"index":"index","follow":"follow","max-snippet":"max-snippet:-1","max-image-preview":"max-image-preview:large","max-video-preview":"max-video-preview:-1"},"og_locale":"fr_FR","og_type":"article","og_title":"CARA WESEL 2944 P + 100 SD - BHB Bertsch Holzbau","og_description":"Type de syst\u00e8me Construction de Poteaux et Poutres&nbsp;\/ CARA Forme de toit Toit monopente Madriers 28 mm Dimensions des murs&nbsp;(L\/l) 294\/332 x 436 cm Hauteur de Paroi Lat\u00e9rale 197 cm La Hauteur de Fa\u00eetage 240 cm Volume de la pi\u00e8ce 35 m\u00b3 Surface murale 28,8 m\u00b2 Surface du toit 22 m\u00b2 D\u00e9bord de toit \/ [&hellip;]","og_url":"https:\/\/bertsch-holzbau.eu\/fr\/produkt\/cara-wesel-2944-p-100-sd\/","og_site_name":"BHB Bertsch Holzbau","article_publisher":"https:\/\/www.facebook.com\/bertschholzbau\/","article_modified_time":"2024-10-18T06:53:06+00:00","twitter_card":"summary_large_image","twitter_misc":{"Dur\u00e9e de lecture estim\u00e9e":"1 minute"},"schema":{"@context":"https:\/\/schema.org","@graph":[{"@type":"WebPage","@id":"https:\/\/bertsch-holzbau.eu\/fr\/produkt\/cara-wesel-2944-p-100-sd\/","url":"https:\/\/bertsch-holzbau.eu\/fr\/produkt\/cara-wesel-2944-p-100-sd\/","name":"CARA WESEL 2944 P + 100 SD - BHB Bertsch Holzbau","isPartOf":{"@id":"https:\/\/bertsch-holzbau.eu\/fr\/#website"},"datePublished":"2024-10-18T06:51:18+00:00","dateModified":"2024-10-18T06:53:06+00:00","breadcrumb":{"@id":"https:\/\/bertsch-holzbau.eu\/fr\/produkt\/cara-wesel-2944-p-100-sd\/#breadcrumb"},"inLanguage":"fr-FR","potentialAction":[{"@type":"ReadAction","target":["https:\/\/bertsch-holzbau.eu\/fr\/produkt\/cara-wesel-2944-p-100-sd\/"]}]},{"@type":"BreadcrumbList","@id":"https:\/\/bertsch-holzbau.eu\/fr\/produkt\/cara-wesel-2944-p-100-sd\/#breadcrumb","itemListElement":[{"@type":"ListItem","position":1,"name":"Home","item":"https:\/\/bertsch-holzbau.eu\/fr\/"},{"@type":"ListItem","position":2,"name":"Produkty","item":"https:\/\/bertsch-holzbau.eu\/fr\/produkt\/"},{"@type":"ListItem","position":3,"name":"CARA WESEL 2944 P + 100 SD"}]},{"@type":"WebSite","@id":"https:\/\/bertsch-holzbau.eu\/fr\/#website","url":"https:\/\/bertsch-holzbau.eu\/fr\/","name":"BHB Bertsch Holzbau","description":"","publisher":{"@id":"https:\/\/bertsch-holzbau.eu\/fr\/#organization"},"potentialAction":[{"@type":"SearchAction","target":{"@type":"EntryPoint","urlTemplate":"https:\/\/bertsch-holzbau.eu\/fr\/?s={search_term_string}"},"query-input":{"@type":"PropertyValueSpecification","valueRequired":true,"valueName":"search_term_string"}}],"inLanguage":"fr-FR"},[]]}},"_links":{"self":[{"href":"https:\/\/bertsch-holzbau.eu\/fr\/wp-json\/wp\/v2\/produkt\/78227","targetHints":{"allow":["GET"]}}],"collection":[{"href":"https:\/\/bertsch-holzbau.eu\/fr\/wp-json\/wp\/v2\/produkt"}],"about":[{"href":"https:\/\/bertsch-holzbau.eu\/fr\/wp-json\/wp\/v2\/types\/produkt"}],"replies":[{"embeddable":true,"href":"https:\/\/bertsch-holzbau.eu\/fr\/wp-json\/wp\/v2\/comments?post=78227"}],"version-history":[{"count":1,"href":"https:\/\/bertsch-holzbau.eu\/fr\/wp-json\/wp\/v2\/produkt\/78227\/revisions"}],"predecessor-version":[{"id":78237,"href":"https:\/\/bertsch-holzbau.eu\/fr\/wp-json\/wp\/v2\/produkt\/78227\/revisions\/78237"}],"wp:attachment":[{"href":"https:\/\/bertsch-holzbau.eu\/fr\/wp-json\/wp\/v2\/media?parent=78227"}],"wp:term":[{"taxonomy":"produkt-category","embeddable":true,"href":"https:\/\/bertsch-holzbau.eu\/fr\/wp-json\/wp\/v2\/produkt-category?post=78227"}],"curies":[{"name":"wp","href":"https:\/\/api.w.org\/{rel}","templated":true}]}}

<figure class="wp-block-table"><table class="has-fixed-layout"><tbody><tr><td>Type de système</td><td>Construction de Poteaux et Poutres&nbsp;/ CARA</td></tr><tr><td>Forme de toit</td><td>Toit monopente</td></tr><tr><td>Madriers</td><td>28 mm</td></tr><tr><td>Dimensions des murs&nbsp;(L/l)</td><td>294/332 x 436 cm</td></tr><tr><td>Hauteur de Paroi Latérale</td><td>197 cm</td></tr><tr><td>La Hauteur de Faîtage</td><td>240 cm</td></tr><tr><td>Volume de la pièce</td><td>35 m³</td></tr><tr><td>Surface murale</td><td>28,8 m²</td></tr><tr><td>Surface du toit</td><td>22 m²</td></tr><tr><td>Débord de toit / Avant</td><td>30 cm</td></tr><tr><td>Débord de toit&nbsp;/ Arrière</td><td>20 cm</td></tr><tr><td>Débord de toit&nbsp;/ Gauche</td><td>20 cm</td></tr><tr><td>Débord de toit&nbsp;/ Droite</td><td>20 cm</td></tr><tr><td>La Pente de Toit</td><td>8 °</td></tr><tr><td>Porte</td><td>ET 115 x 200 cm</td></tr><tr><td>Fenêtre</td><td>2 x EF 70 x 170 cm</td></tr><tr><td>Accessoires en Option</td><td>1 x Gouttière: 303B<br>1 x Feuille EPDM: EPDM-0073</td></tr><tr><td>ID d&rsquo;objet</td><td>15</td></tr></tbody></table></figure>

<!-- This site is optimized with the Yoast SEO plugin v27.8 - https://yoast.com/product/yoast-seo-wordpress/ -->
<title>CARA WESEL 2944 P + 100 SD - BHB Bertsch Holzbau</title>
<meta name="robots" content="index, follow, max-snippet:-1, max-image-preview:large, max-video-preview:-1" />
<meta property="og:locale" content="fr_FR" />
<meta property="og:type" content="article" />
<meta property="og:title" content="CARA WESEL 2944 P + 100 SD - BHB Bertsch Holzbau" />
<meta property="og:description" content="Type de système Construction de Poteaux et Poutres&nbsp;/ CARA Forme de toit Toit monopente Madriers 28 mm Dimensions des murs&nbsp;(L/l) 294/332 x 436 cm Hauteur de Paroi Latérale 197 cm La Hauteur de Faîtage 240 cm Volume de la pièce 35 m³ Surface murale 28,8 m² Surface du toit 22 m² Débord de toit / [&hellip;]" />
<meta property="og:url" content="https://bertsch-holzbau.eu/fr/produkt/cara-wesel-2944-p-100-sd/" />
<meta property="og:site_name" content="BHB Bertsch Holzbau" />
<meta property="article:publisher" content="https://www.facebook.com/bertschholzbau/" />
<meta property="article:modified_time" content="2024-10-18T06:53:06+00:00" />
<meta name="twitter:card" content="summary_large_image" />
<meta name="twitter:label1" content="Durée de lecture estimée" />
	<meta name="twitter:data1" content="1 minute" />
<script type="application/ld+json" class="yoast-schema-graph">{"@context":"https:\/\/schema.org","@graph":[{"@type":"WebPage","@id":"https:\/\/bertsch-holzbau.eu\/fr\/produkt\/cara-wesel-2944-p-100-sd\/","url":"https:\/\/bertsch-holzbau.eu\/fr\/produkt\/cara-wesel-2944-p-100-sd\/","name":"CARA WESEL 2944 P + 100 SD - BHB Bertsch Holzbau","isPartOf":{"@id":"https:\/\/bertsch-holzbau.eu\/fr\/#website"},"datePublished":"2024-10-18T06:51:18+00:00","dateModified":"2024-10-18T06:53:06+00:00","breadcrumb":{"@id":"https:\/\/bertsch-holzbau.eu\/fr\/produkt\/cara-wesel-2944-p-100-sd\/#breadcrumb"},"inLanguage":"fr-FR","potentialAction":[{"@type":"ReadAction","target":["https:\/\/bertsch-holzbau.eu\/fr\/produkt\/cara-wesel-2944-p-100-sd\/"]}]},{"@type":"BreadcrumbList","@id":"https:\/\/bertsch-holzbau.eu\/fr\/produkt\/cara-wesel-2944-p-100-sd\/#breadcrumb","itemListElement":[{"@type":"ListItem","position":1,"name":"Home","item":"https:\/\/bertsch-holzbau.eu\/fr\/"},{"@type":"ListItem","position":2,"name":"Produkty","item":"https:\/\/bertsch-holzbau.eu\/fr\/produkt\/"},{"@type":"ListItem","position":3,"name":"CARA WESEL 2944 P + 100 SD"}]},{"@type":"WebSite","@id":"https:\/\/bertsch-holzbau.eu\/fr\/#website","url":"https:\/\/bertsch-holzbau.eu\/fr\/","name":"BHB Bertsch Holzbau","description":"","publisher":{"@id":"https:\/\/bertsch-holzbau.eu\/fr\/#organization"},"potentialAction":[{"@type":"SearchAction","target":{"@type":"EntryPoint","urlTemplate":"https:\/\/bertsch-holzbau.eu\/fr\/?s={search_term_string}"},"query-input":{"@type":"PropertyValueSpecification","valueRequired":true,"valueName":"search_term_string"}}],"inLanguage":"fr-FR"},[]]}</script>
<!-- / Yoast SEO plugin. -->

Type de système Construction de Poteaux et Poutres&nbsp;/ CARA Forme de toit Toit monopente Madriers 28 mm Dimensions des murs&nbsp;(L/l) 294/332 x 436 cm Hauteur de Paroi Latérale 197 cm La Hauteur de Faîtage 240 cm Volume de la pièce 35 m³ Surface murale 28,8 m² Surface du toit 22 m² Débord de toit / [&hellip;]
