{"id":111386,"date":"2024-08-01T05:36:40","date_gmt":"2024-08-01T03:36:40","guid":{"rendered":"https:\/\/bertsch-holzbau.eu\/produkt\/triest\/"},"modified":"2026-07-21T14:36:08","modified_gmt":"2026-07-21T12:36:08","slug":"triest","status":"publish","type":"produkt","link":"https:\/\/bertsch-holzbau.eu\/fr\/produkt\/triest\/","title":{"rendered":"TRIEST"},"content":{"rendered":"\n<figure class=\"wp-block-table\"><table class=\"has-fixed-layout\"><tbody><tr><td>Dimensions de l&rsquo;abri \/ garden room<\/td><td>244,00 \u00d7 562,00 cm<\/td><\/tr><tr><td>Forme de toit<\/td><td>Toit plat<\/td><\/tr><tr><td>D\u00e9bords de toit<\/td><td>0 cm (avant, arri\u00e8re, c\u00f4t\u00e9s gauche et droit)<\/td><\/tr><tr><td>Fa\u00e7ade ext\u00e9rieure \u2013 principale<\/td><td>ThermoWood 14 mm (pose horizontale)<\/td><\/tr><tr><td>Finition d&rsquo;un mur<\/td><td>Profil\u00e9s 33 mm (pose verticale en ThermoWood)<\/td><\/tr><tr><td>Finition d&rsquo;un mur + plafond ext\u00e9rieur<\/td><td>Plaque alu-composite<\/td><\/tr><tr><td>Peinture \/ traitement ext\u00e9rieur des murs<\/td><td>Huile BHB-OEL-V0 (Natur)<\/td><\/tr><tr><td>Finition du sauna<\/td><td>ThermoWood 14 mm (pose verticale, murs et plafond, non peint, prot\u00e9g\u00e9 par une cire transparente)<\/td><\/tr><tr><td>Finition du couloir \/ espace avant le sauna<\/td><td>Plaque MDF couleur RAL 1015<\/td><\/tr><tr><td>Isolation thermique des murs<\/td><td>Laine min\u00e9rale 40 mm + pare-vapeur \/ membranes<\/td><\/tr><tr><td>Isolation thermique du toit<\/td><td>Laine min\u00e9rale 120 mm + pare-vapeur \/ membranes + panneau OSB<\/td><\/tr><tr><td>Isolation thermique du sol<\/td><td>EPS 50 mm + membrane<\/td><\/tr><tr><td>Plancher et sous-construction<\/td><td>\u00c9pic\u00e9a 19 mm (non peint), plaques d&rsquo;insertion (Einschubplatten), patins \/ cales en caoutchouc sous les lambourdes<\/td><\/tr><tr><td>Lambourdes<\/td><td>Habill\u00e9es en ThermoWood<\/td><\/tr><tr><td class=\"has-text-align-center\" data-align=\"center\" colspan=\"2\">\u00c9quipement int\u00e9rieur et accessoires<\/td><\/tr><tr><td>\u00c9clairage et installation \u00e9lectrique<\/td><td>Spots halog\u00e8nes, bande LED, tableau \u00e9lectrique \/ coffret de fusibles, interrupteurs et prises de courant<\/td><\/tr><tr><td>Bancs<\/td><td>3 pcs (peuplier ou tilleul)<\/td><\/tr><tr><td>Dossiers et habillage entre les bancs<\/td><td>Inclus<\/td><\/tr><tr><td>Repose-t\u00eates<\/td><td>2 pcs<\/td><\/tr><tr><td>Caillebotis de sol<\/td><td>2 pcs<\/td><\/tr><tr><td>Protection du po\u00eale<\/td><td>En bois<\/td><\/tr><tr><td>Habillages de lampes<\/td><td>2 pcs<\/td><\/tr><tr><td>Syst\u00e8me de ventilation<\/td><td>Grille en aluminium + ventilation au sol + 2 registres \/ clapets de ventilation<\/td><\/tr><tr><td>Chaise longue \/ Transat<\/td><td>1 pc<\/td><\/tr><tr><td>Table<\/td><td>Fabriqu\u00e9e selon plan \/ dessin<\/td><\/tr><tr><td>\u00c9tag\u00e8res<\/td><td>2 pcs en panneau trois plis d&rsquo;une \u00e9paisseur de 27 mm<\/td><\/tr><tr><td>Couverture de toit<\/td><td>Membrane EPDM<\/td><\/tr><tr><td>Goutti\u00e8res<\/td><td>F2<\/td><\/tr><tr><td>Coudes de goutti\u00e8re<\/td><td>87\u00b0 (noirs)<\/td><\/tr><tr><td>Couvercle \/ finition m\u00e9tallique des embouts<\/td><td>RAL 9005<\/td><\/tr><tr><td class=\"has-text-align-center\" data-align=\"center\" colspan=\"2\">Menuiserie portes et fen\u00eatres<\/td><\/tr><tr><td>Porte d&rsquo;entr\u00e9e avec imposte fixe \u00e0 droite<\/td><td>GT-ETEH-GV2 (poussant gauche), 80 \u00d7 200 cm, double vitrage ISO, vitrage int\u00e9gral avec 2 traverses, charni\u00e8res Roto Patio, serrure \u00e0 canon avec cylindre, poign\u00e9e b\u00e2ton de mar\u00e9chal (tirant) m\u00e9tal\/m\u00e9tal, seuil en bois avec inox, finition ext\u00e9rieure : RAL 9005, finition int\u00e9rieure : vernis transparent.<\/td><\/tr><tr><td>Imposte fixe (fix\u00e9e \u00e0 la porte ETEH \u00e0 droite)<\/td><td>GF-FFEH, 110 \u00d7 200 cm, double vitrage ISO, finition ext\u00e9rieure : RAL 9005, finition int\u00e9rieure : vernis transparent.<\/td><\/tr><tr><td>Fen\u00eatre de terrasse \/ Porte-fen\u00eatre<\/td><td>GF-EBEH, 100 \u00d7 200 cm, oscillo-battante (poussant droit), ferrure GU, double vitrage ISO (sans petits-bois), finition ext\u00e9rieure : RAL 9005, finition int\u00e9rieure : vernis transparent.<\/td><\/tr><tr><td>Fen\u00eatre du sauna<\/td><td>GF-FFEH (ch\u00e2ssis fixe), 142 \u00d7 200 cm, vitrage ISO avec verre de s\u00e9curit\u00e9 tremp\u00e9 ESG \u00e0 l&rsquo;int\u00e9rieur, verre Antisol Gris, caches et claire-voie \/ claire-voie en Thermoholz, finition ext\u00e9rieure : RAL 9005, finition int\u00e9rieure : cire transparente sp\u00e9ciale sauna.<\/td><\/tr><tr><td>Porte en verre du sauna<\/td><td>GGT-ETEH-GL (poussant gauche), 80 \u00d7 200 cm, cadre sur 3 c\u00f4t\u00e9s, structure sans seuil, verre tremp\u00e9 ESG 8 mm (Antisol Gris), 3 charni\u00e8res demi-rondes, poign\u00e9e en bois de tilleul, 2 serrures magn\u00e9tiques, finition ext\u00e9rieure : vernis transparent, c\u00f4t\u00e9 sauna : cire transparente sp\u00e9ciale sauna.<\/td><\/tr><\/tbody><\/table><\/figure>\n","protected":false},"featured_media":0,"comment_status":"open","ping_status":"closed","template":"","produkt-category":[707,97],"class_list":["post-111386","produkt","type-produkt","status-publish","hentry","produkt-category-garden-saunas-fr-2","produkt-category-garden-saunas-fr"],"acf":[],"yoast_head":"<!-- This site is optimized with the Yoast SEO plugin v27.8 - https:\/\/yoast.com\/product\/yoast-seo-wordpress\/ -->\n<title>TRIEST - BHB Bertsch Holzbau<\/title>\n<meta name=\"robots\" content=\"index, follow, max-snippet:-1, max-image-preview:large, max-video-preview:-1\" \/>\n<meta property=\"og:locale\" content=\"fr_FR\" \/>\n<meta property=\"og:type\" content=\"article\" \/>\n<meta property=\"og:title\" content=\"TRIEST - BHB Bertsch Holzbau\" \/>\n<meta property=\"og:description\" content=\"Dimensions de l&rsquo;abri \/ garden room 244,00 \u00d7 562,00 cm Forme de toit Toit plat D\u00e9bords de toit 0 cm (avant, arri\u00e8re, c\u00f4t\u00e9s gauche et droit) Fa\u00e7ade ext\u00e9rieure \u2013 principale ThermoWood 14 mm (pose horizontale) Finition d&rsquo;un mur Profil\u00e9s 33 mm (pose verticale en ThermoWood) Finition d&rsquo;un mur + plafond ext\u00e9rieur Plaque alu-composite Peinture \/ [&hellip;]\" \/>\n<meta property=\"og:url\" content=\"https:\/\/bertsch-holzbau.eu\/fr\/produkt\/triest\/\" \/>\n<meta property=\"og:site_name\" content=\"BHB Bertsch Holzbau\" \/>\n<meta property=\"article:publisher\" content=\"https:\/\/www.facebook.com\/bertschholzbau\/\" \/>\n<meta property=\"article:modified_time\" content=\"2026-07-21T12:36:08+00:00\" \/>\n<meta name=\"twitter:card\" content=\"summary_large_image\" \/>\n<meta name=\"twitter:label1\" content=\"Dur\u00e9e de lecture estim\u00e9e\" \/>\n\t<meta name=\"twitter:data1\" content=\"2 minutes\" \/>\n<script type=\"application\/ld+json\" class=\"yoast-schema-graph\">{\"@context\":\"https:\\\/\\\/schema.org\",\"@graph\":[{\"@type\":\"WebPage\",\"@id\":\"https:\\\/\\\/bertsch-holzbau.eu\\\/fr\\\/produkt\\\/triest\\\/\",\"url\":\"https:\\\/\\\/bertsch-holzbau.eu\\\/fr\\\/produkt\\\/triest\\\/\",\"name\":\"TRIEST - BHB Bertsch Holzbau\",\"isPartOf\":{\"@id\":\"https:\\\/\\\/bertsch-holzbau.eu\\\/fr\\\/#website\"},\"datePublished\":\"2024-08-01T03:36:40+00:00\",\"dateModified\":\"2026-07-21T12:36:08+00:00\",\"breadcrumb\":{\"@id\":\"https:\\\/\\\/bertsch-holzbau.eu\\\/fr\\\/produkt\\\/triest\\\/#breadcrumb\"},\"inLanguage\":\"fr-FR\",\"potentialAction\":[{\"@type\":\"ReadAction\",\"target\":[\"https:\\\/\\\/bertsch-holzbau.eu\\\/fr\\\/produkt\\\/triest\\\/\"]}]},{\"@type\":\"BreadcrumbList\",\"@id\":\"https:\\\/\\\/bertsch-holzbau.eu\\\/fr\\\/produkt\\\/triest\\\/#breadcrumb\",\"itemListElement\":[{\"@type\":\"ListItem\",\"position\":1,\"name\":\"Home\",\"item\":\"https:\\\/\\\/bertsch-holzbau.eu\\\/fr\\\/\"},{\"@type\":\"ListItem\",\"position\":2,\"name\":\"Produkty\",\"item\":\"https:\\\/\\\/bertsch-holzbau.eu\\\/fr\\\/produkt\\\/\"},{\"@type\":\"ListItem\",\"position\":3,\"name\":\"TRIEST\"}]},{\"@type\":\"WebSite\",\"@id\":\"https:\\\/\\\/bertsch-holzbau.eu\\\/fr\\\/#website\",\"url\":\"https:\\\/\\\/bertsch-holzbau.eu\\\/fr\\\/\",\"name\":\"BHB Bertsch Holzbau\",\"description\":\"\",\"publisher\":{\"@id\":\"https:\\\/\\\/bertsch-holzbau.eu\\\/fr\\\/#organization\"},\"potentialAction\":[{\"@type\":\"SearchAction\",\"target\":{\"@type\":\"EntryPoint\",\"urlTemplate\":\"https:\\\/\\\/bertsch-holzbau.eu\\\/fr\\\/?s={search_term_string}\"},\"query-input\":{\"@type\":\"PropertyValueSpecification\",\"valueRequired\":true,\"valueName\":\"search_term_string\"}}],\"inLanguage\":\"fr-FR\"},[]]}<\/script>\n<!-- \/ Yoast SEO plugin. -->","yoast_head_json":{"title":"TRIEST - BHB Bertsch Holzbau","robots":{"index":"index","follow":"follow","max-snippet":"max-snippet:-1","max-image-preview":"max-image-preview:large","max-video-preview":"max-video-preview:-1"},"og_locale":"fr_FR","og_type":"article","og_title":"TRIEST - BHB Bertsch Holzbau","og_description":"Dimensions de l&rsquo;abri \/ garden room 244,00 \u00d7 562,00 cm Forme de toit Toit plat D\u00e9bords de toit 0 cm (avant, arri\u00e8re, c\u00f4t\u00e9s gauche et droit) Fa\u00e7ade ext\u00e9rieure \u2013 principale ThermoWood 14 mm (pose horizontale) Finition d&rsquo;un mur Profil\u00e9s 33 mm (pose verticale en ThermoWood) Finition d&rsquo;un mur + plafond ext\u00e9rieur Plaque alu-composite Peinture \/ [&hellip;]","og_url":"https:\/\/bertsch-holzbau.eu\/fr\/produkt\/triest\/","og_site_name":"BHB Bertsch Holzbau","article_publisher":"https:\/\/www.facebook.com\/bertschholzbau\/","article_modified_time":"2026-07-21T12:36:08+00:00","twitter_card":"summary_large_image","twitter_misc":{"Dur\u00e9e de lecture estim\u00e9e":"2 minutes"},"schema":{"@context":"https:\/\/schema.org","@graph":[{"@type":"WebPage","@id":"https:\/\/bertsch-holzbau.eu\/fr\/produkt\/triest\/","url":"https:\/\/bertsch-holzbau.eu\/fr\/produkt\/triest\/","name":"TRIEST - BHB Bertsch Holzbau","isPartOf":{"@id":"https:\/\/bertsch-holzbau.eu\/fr\/#website"},"datePublished":"2024-08-01T03:36:40+00:00","dateModified":"2026-07-21T12:36:08+00:00","breadcrumb":{"@id":"https:\/\/bertsch-holzbau.eu\/fr\/produkt\/triest\/#breadcrumb"},"inLanguage":"fr-FR","potentialAction":[{"@type":"ReadAction","target":["https:\/\/bertsch-holzbau.eu\/fr\/produkt\/triest\/"]}]},{"@type":"BreadcrumbList","@id":"https:\/\/bertsch-holzbau.eu\/fr\/produkt\/triest\/#breadcrumb","itemListElement":[{"@type":"ListItem","position":1,"name":"Home","item":"https:\/\/bertsch-holzbau.eu\/fr\/"},{"@type":"ListItem","position":2,"name":"Produkty","item":"https:\/\/bertsch-holzbau.eu\/fr\/produkt\/"},{"@type":"ListItem","position":3,"name":"TRIEST"}]},{"@type":"WebSite","@id":"https:\/\/bertsch-holzbau.eu\/fr\/#website","url":"https:\/\/bertsch-holzbau.eu\/fr\/","name":"BHB Bertsch Holzbau","description":"","publisher":{"@id":"https:\/\/bertsch-holzbau.eu\/fr\/#organization"},"potentialAction":[{"@type":"SearchAction","target":{"@type":"EntryPoint","urlTemplate":"https:\/\/bertsch-holzbau.eu\/fr\/?s={search_term_string}"},"query-input":{"@type":"PropertyValueSpecification","valueRequired":true,"valueName":"search_term_string"}}],"inLanguage":"fr-FR"},[]]}},"_links":{"self":[{"href":"https:\/\/bertsch-holzbau.eu\/fr\/wp-json\/wp\/v2\/produkt\/111386","targetHints":{"allow":["GET"]}}],"collection":[{"href":"https:\/\/bertsch-holzbau.eu\/fr\/wp-json\/wp\/v2\/produkt"}],"about":[{"href":"https:\/\/bertsch-holzbau.eu\/fr\/wp-json\/wp\/v2\/types\/produkt"}],"replies":[{"embeddable":true,"href":"https:\/\/bertsch-holzbau.eu\/fr\/wp-json\/wp\/v2\/comments?post=111386"}],"version-history":[{"count":2,"href":"https:\/\/bertsch-holzbau.eu\/fr\/wp-json\/wp\/v2\/produkt\/111386\/revisions"}],"predecessor-version":[{"id":117157,"href":"https:\/\/bertsch-holzbau.eu\/fr\/wp-json\/wp\/v2\/produkt\/111386\/revisions\/117157"}],"wp:attachment":[{"href":"https:\/\/bertsch-holzbau.eu\/fr\/wp-json\/wp\/v2\/media?parent=111386"}],"wp:term":[{"taxonomy":"produkt-category","embeddable":true,"href":"https:\/\/bertsch-holzbau.eu\/fr\/wp-json\/wp\/v2\/produkt-category?post=111386"}],"curies":[{"name":"wp","href":"https:\/\/api.w.org\/{rel}","templated":true}]}}

<figure class="wp-block-table"><table class="has-fixed-layout"><tbody><tr><td>Dimensions de l&rsquo;abri / garden room</td><td>244,00 × 562,00 cm</td></tr><tr><td>Forme de toit</td><td>Toit plat</td></tr><tr><td>Débords de toit</td><td>0 cm (avant, arrière, côtés gauche et droit)</td></tr><tr><td>Façade extérieure – principale</td><td>ThermoWood 14 mm (pose horizontale)</td></tr><tr><td>Finition d&rsquo;un mur</td><td>Profilés 33 mm (pose verticale en ThermoWood)</td></tr><tr><td>Finition d&rsquo;un mur + plafond extérieur</td><td>Plaque alu-composite</td></tr><tr><td>Peinture / traitement extérieur des murs</td><td>Huile BHB-OEL-V0 (Natur)</td></tr><tr><td>Finition du sauna</td><td>ThermoWood 14 mm (pose verticale, murs et plafond, non peint, protégé par une cire transparente)</td></tr><tr><td>Finition du couloir / espace avant le sauna</td><td>Plaque MDF couleur RAL 1015</td></tr><tr><td>Isolation thermique des murs</td><td>Laine minérale 40 mm + pare-vapeur / membranes</td></tr><tr><td>Isolation thermique du toit</td><td>Laine minérale 120 mm + pare-vapeur / membranes + panneau OSB</td></tr><tr><td>Isolation thermique du sol</td><td>EPS 50 mm + membrane</td></tr><tr><td>Plancher et sous-construction</td><td>Épicéa 19 mm (non peint), plaques d&rsquo;insertion (Einschubplatten), patins / cales en caoutchouc sous les lambourdes</td></tr><tr><td>Lambourdes</td><td>Habillées en ThermoWood</td></tr><tr><td class="has-text-align-center" data-align="center" colspan="2">Équipement intérieur et accessoires</td></tr><tr><td>Éclairage et installation électrique</td><td>Spots halogènes, bande LED, tableau électrique / coffret de fusibles, interrupteurs et prises de courant</td></tr><tr><td>Bancs</td><td>3 pcs (peuplier ou tilleul)</td></tr><tr><td>Dossiers et habillage entre les bancs</td><td>Inclus</td></tr><tr><td>Repose-têtes</td><td>2 pcs</td></tr><tr><td>Caillebotis de sol</td><td>2 pcs</td></tr><tr><td>Protection du poêle</td><td>En bois</td></tr><tr><td>Habillages de lampes</td><td>2 pcs</td></tr><tr><td>Système de ventilation</td><td>Grille en aluminium + ventilation au sol + 2 registres / clapets de ventilation</td></tr><tr><td>Chaise longue / Transat</td><td>1 pc</td></tr><tr><td>Table</td><td>Fabriquée selon plan / dessin</td></tr><tr><td>Étagères</td><td>2 pcs en panneau trois plis d&rsquo;une épaisseur de 27 mm</td></tr><tr><td>Couverture de toit</td><td>Membrane EPDM</td></tr><tr><td>Gouttières</td><td>F2</td></tr><tr><td>Coudes de gouttière</td><td>87° (noirs)</td></tr><tr><td>Couvercle / finition métallique des embouts</td><td>RAL 9005</td></tr><tr><td class="has-text-align-center" data-align="center" colspan="2">Menuiserie portes et fenêtres</td></tr><tr><td>Porte d&rsquo;entrée avec imposte fixe à droite</td><td>GT-ETEH-GV2 (poussant gauche), 80 × 200 cm, double vitrage ISO, vitrage intégral avec 2 traverses, charnières Roto Patio, serrure à canon avec cylindre, poignée bâton de maréchal (tirant) métal/métal, seuil en bois avec inox, finition extérieure : RAL 9005, finition intérieure : vernis transparent.</td></tr><tr><td>Imposte fixe (fixée à la porte ETEH à droite)</td><td>GF-FFEH, 110 × 200 cm, double vitrage ISO, finition extérieure : RAL 9005, finition intérieure : vernis transparent.</td></tr><tr><td>Fenêtre de terrasse / Porte-fenêtre</td><td>GF-EBEH, 100 × 200 cm, oscillo-battante (poussant droit), ferrure GU, double vitrage ISO (sans petits-bois), finition extérieure : RAL 9005, finition intérieure : vernis transparent.</td></tr><tr><td>Fenêtre du sauna</td><td>GF-FFEH (châssis fixe), 142 × 200 cm, vitrage ISO avec verre de sécurité trempé ESG à l&rsquo;intérieur, verre Antisol Gris, caches et claire-voie / claire-voie en Thermoholz, finition extérieure : RAL 9005, finition intérieure : cire transparente spéciale sauna.</td></tr><tr><td>Porte en verre du sauna</td><td>GGT-ETEH-GL (poussant gauche), 80 × 200 cm, cadre sur 3 côtés, structure sans seuil, verre trempé ESG 8 mm (Antisol Gris), 3 charnières demi-rondes, poignée en bois de tilleul, 2 serrures magnétiques, finition extérieure : vernis transparent, côté sauna : cire transparente spéciale sauna.</td></tr></tbody></table></figure>

<!-- This site is optimized with the Yoast SEO plugin v27.8 - https://yoast.com/product/yoast-seo-wordpress/ -->
<title>TRIEST - BHB Bertsch Holzbau</title>
<meta name="robots" content="index, follow, max-snippet:-1, max-image-preview:large, max-video-preview:-1" />
<meta property="og:locale" content="fr_FR" />
<meta property="og:type" content="article" />
<meta property="og:title" content="TRIEST - BHB Bertsch Holzbau" />
<meta property="og:description" content="Dimensions de l&rsquo;abri / garden room 244,00 × 562,00 cm Forme de toit Toit plat Débords de toit 0 cm (avant, arrière, côtés gauche et droit) Façade extérieure – principale ThermoWood 14 mm (pose horizontale) Finition d&rsquo;un mur Profilés 33 mm (pose verticale en ThermoWood) Finition d&rsquo;un mur + plafond extérieur Plaque alu-composite Peinture / [&hellip;]" />
<meta property="og:url" content="https://bertsch-holzbau.eu/fr/produkt/triest/" />
<meta property="og:site_name" content="BHB Bertsch Holzbau" />
<meta property="article:publisher" content="https://www.facebook.com/bertschholzbau/" />
<meta property="article:modified_time" content="2026-07-21T12:36:08+00:00" />
<meta name="twitter:card" content="summary_large_image" />
<meta name="twitter:label1" content="Durée de lecture estimée" />
	<meta name="twitter:data1" content="2 minutes" />
<script type="application/ld+json" class="yoast-schema-graph">{"@context":"https:\/\/schema.org","@graph":[{"@type":"WebPage","@id":"https:\/\/bertsch-holzbau.eu\/fr\/produkt\/triest\/","url":"https:\/\/bertsch-holzbau.eu\/fr\/produkt\/triest\/","name":"TRIEST - BHB Bertsch Holzbau","isPartOf":{"@id":"https:\/\/bertsch-holzbau.eu\/fr\/#website"},"datePublished":"2024-08-01T03:36:40+00:00","dateModified":"2026-07-21T12:36:08+00:00","breadcrumb":{"@id":"https:\/\/bertsch-holzbau.eu\/fr\/produkt\/triest\/#breadcrumb"},"inLanguage":"fr-FR","potentialAction":[{"@type":"ReadAction","target":["https:\/\/bertsch-holzbau.eu\/fr\/produkt\/triest\/"]}]},{"@type":"BreadcrumbList","@id":"https:\/\/bertsch-holzbau.eu\/fr\/produkt\/triest\/#breadcrumb","itemListElement":[{"@type":"ListItem","position":1,"name":"Home","item":"https:\/\/bertsch-holzbau.eu\/fr\/"},{"@type":"ListItem","position":2,"name":"Produkty","item":"https:\/\/bertsch-holzbau.eu\/fr\/produkt\/"},{"@type":"ListItem","position":3,"name":"TRIEST"}]},{"@type":"WebSite","@id":"https:\/\/bertsch-holzbau.eu\/fr\/#website","url":"https:\/\/bertsch-holzbau.eu\/fr\/","name":"BHB Bertsch Holzbau","description":"","publisher":{"@id":"https:\/\/bertsch-holzbau.eu\/fr\/#organization"},"potentialAction":[{"@type":"SearchAction","target":{"@type":"EntryPoint","urlTemplate":"https:\/\/bertsch-holzbau.eu\/fr\/?s={search_term_string}"},"query-input":{"@type":"PropertyValueSpecification","valueRequired":true,"valueName":"search_term_string"}}],"inLanguage":"fr-FR"},[]]}</script>
<!-- / Yoast SEO plugin. -->

Dimensions de l&rsquo;abri / garden room 244,00 × 562,00 cm Forme de toit Toit plat Débords de toit 0 cm (avant, arrière, côtés gauche et droit) Façade extérieure – principale ThermoWood 14 mm (pose horizontale) Finition d&rsquo;un mur Profilés 33 mm (pose verticale en ThermoWood) Finition d&rsquo;un mur + plafond extérieur Plaque alu-composite Peinture / [&hellip;]
