{"id":78236,"date":"2024-10-18T08:51:18","date_gmt":"2024-10-18T06:51:18","guid":{"rendered":"https:\/\/bertsch-holzbau.eu\/produkt\/cara-wesel-2944-p-100-sd\/"},"modified":"2026-04-27T14:08:13","modified_gmt":"2026-04-27T12:08:13","slug":"cara-wesel-2944-p-100-sd","status":"publish","type":"produkt","link":"https:\/\/bertsch-holzbau.eu\/ch\/produkt\/cara-wesel-2944-p-100-sd\/","title":{"rendered":"CARA WESEL 2944 P + 100 SD"},"content":{"rendered":"\n<figure class=\"wp-block-table\"><table class=\"has-fixed-layout\"><tbody><tr><td>Bauart<\/td><td>St\u00e4nderbau \/ CARA<\/td><\/tr><tr><td>Dachform<\/td><td>Pultdach<\/td><\/tr><tr><td>Wandst\u00e4rke<\/td><td>28 mm<\/td><\/tr><tr><td>Wandau\u00dfenma\u00df (B\/T)<\/td><td>294\/332 x 436 cm<\/td><\/tr><tr><td>Seitenwandh\u00f6he<\/td><td>197 cm<\/td><\/tr><tr><td>Firsth\u00f6he<\/td><td>240 cm<\/td><\/tr><tr><td>Umbauter Raum<\/td><td>35 m\u00b3<\/td><\/tr><tr><td>Wandfl\u00e4che<\/td><td>28,8 m\u00b2<\/td><\/tr><tr><td>Dachfl\u00e4che<\/td><td>22 m\u00b2<\/td><\/tr><tr><td>Dach\u00fcberstand Vorne<\/td><td>30 cm<\/td><\/tr><tr><td>Dach\u00fcberstand Hinten<\/td><td>20 cm<\/td><\/tr><tr><td>Dach\u00fcberstand Links<\/td><td>20 cm<\/td><\/tr><tr><td>Dach\u00fcberstand Rechts<\/td><td>20 cm<\/td><\/tr><tr><td>Dachneigung<\/td><td>8 \u00b0<\/td><\/tr><tr><td>T\u00fcren<\/td><td>ET 115 x 200 cm<\/td><\/tr><tr><td>Fenster<\/td><td>2 x EF 70 x 170 cm<\/td><\/tr><tr><td>Optionales Zubeh\u00f6r<\/td><td>1 x Dachrinne: 303B<br>1 x EPDM Folie: EPDM-0073<\/td><\/tr><tr><td>Weitere Infos<\/td><td>mit Schleppdach (Holzlege)<\/td><\/tr><tr><td>Objekt ID<\/td><td>15<\/td><\/tr><\/tbody><\/table><\/figure>\n","protected":false},"featured_media":0,"comment_status":"open","ping_status":"closed","template":"","produkt-category":[176],"class_list":["post-78236","produkt","type-produkt","status-publish","hentry","produkt-category-geraetehauser-ch-2"],"acf":[],"yoast_head":"<!-- This site is optimized with the Yoast SEO plugin v27.8 - https:\/\/yoast.com\/product\/yoast-seo-wordpress\/ -->\n<title>CARA WESEL 2944 P + 100 SD - BHB Bertsch Holzbau<\/title>\n<meta name=\"robots\" content=\"index, follow, max-snippet:-1, max-image-preview:large, max-video-preview:-1\" \/>\n<meta property=\"og:locale\" content=\"de_DE\" \/>\n<meta property=\"og:type\" content=\"article\" \/>\n<meta property=\"og:title\" content=\"CARA WESEL 2944 P + 100 SD - BHB Bertsch Holzbau\" \/>\n<meta property=\"og:description\" content=\"Bauart St\u00e4nderbau \/ CARA Dachform Pultdach Wandst\u00e4rke 28 mm Wandau\u00dfenma\u00df (B\/T) 294\/332 x 436 cm Seitenwandh\u00f6he 197 cm Firsth\u00f6he 240 cm Umbauter Raum 35 m\u00b3 Wandfl\u00e4che 28,8 m\u00b2 Dachfl\u00e4che 22 m\u00b2 Dach\u00fcberstand Vorne 30 cm Dach\u00fcberstand Hinten 20 cm Dach\u00fcberstand Links 20 cm Dach\u00fcberstand Rechts 20 cm Dachneigung 8 \u00b0 T\u00fcren ET 115 x 200 [&hellip;]\" \/>\n<meta property=\"og:url\" content=\"https:\/\/bertsch-holzbau.eu\/ch\/produkt\/cara-wesel-2944-p-100-sd\/\" \/>\n<meta property=\"og:site_name\" content=\"BHB Bertsch Holzbau\" \/>\n<meta property=\"article:publisher\" content=\"https:\/\/www.facebook.com\/bertschholzbau\/\" \/>\n<meta property=\"article:modified_time\" content=\"2026-04-27T12:08:13+00:00\" \/>\n<meta name=\"twitter:card\" content=\"summary_large_image\" \/>\n<meta name=\"twitter:label1\" content=\"Gesch\u00e4tzte Lesezeit\" \/>\n\t<meta name=\"twitter:data1\" content=\"1\u00a0Minute\" \/>\n<script type=\"application\/ld+json\" class=\"yoast-schema-graph\">{\"@context\":\"https:\\\/\\\/schema.org\",\"@graph\":[{\"@type\":\"WebPage\",\"@id\":\"https:\\\/\\\/bertsch-holzbau.eu\\\/ch\\\/produkt\\\/cara-wesel-2944-p-100-sd\\\/\",\"url\":\"https:\\\/\\\/bertsch-holzbau.eu\\\/ch\\\/produkt\\\/cara-wesel-2944-p-100-sd\\\/\",\"name\":\"CARA WESEL 2944 P + 100 SD - BHB Bertsch Holzbau\",\"isPartOf\":{\"@id\":\"https:\\\/\\\/bertsch-holzbau.eu\\\/ch\\\/#website\"},\"datePublished\":\"2024-10-18T06:51:18+00:00\",\"dateModified\":\"2026-04-27T12:08:13+00:00\",\"breadcrumb\":{\"@id\":\"https:\\\/\\\/bertsch-holzbau.eu\\\/ch\\\/produkt\\\/cara-wesel-2944-p-100-sd\\\/#breadcrumb\"},\"inLanguage\":\"de-CH\",\"potentialAction\":[{\"@type\":\"ReadAction\",\"target\":[\"https:\\\/\\\/bertsch-holzbau.eu\\\/ch\\\/produkt\\\/cara-wesel-2944-p-100-sd\\\/\"]}]},{\"@type\":\"BreadcrumbList\",\"@id\":\"https:\\\/\\\/bertsch-holzbau.eu\\\/ch\\\/produkt\\\/cara-wesel-2944-p-100-sd\\\/#breadcrumb\",\"itemListElement\":[{\"@type\":\"ListItem\",\"position\":1,\"name\":\"Home\",\"item\":\"https:\\\/\\\/bertsch-holzbau.eu\\\/ch\\\/\"},{\"@type\":\"ListItem\",\"position\":2,\"name\":\"Produkty\",\"item\":\"https:\\\/\\\/bertsch-holzbau.eu\\\/ch\\\/produkt\\\/\"},{\"@type\":\"ListItem\",\"position\":3,\"name\":\"CARA WESEL 2944 P + 100 SD\"}]},{\"@type\":\"WebSite\",\"@id\":\"https:\\\/\\\/bertsch-holzbau.eu\\\/ch\\\/#website\",\"url\":\"https:\\\/\\\/bertsch-holzbau.eu\\\/ch\\\/\",\"name\":\"BHB Bertsch Holzbau\",\"description\":\"\",\"publisher\":{\"@id\":\"https:\\\/\\\/bertsch-holzbau.eu\\\/ch\\\/#organization\"},\"potentialAction\":[{\"@type\":\"SearchAction\",\"target\":{\"@type\":\"EntryPoint\",\"urlTemplate\":\"https:\\\/\\\/bertsch-holzbau.eu\\\/ch\\\/?s={search_term_string}\"},\"query-input\":{\"@type\":\"PropertyValueSpecification\",\"valueRequired\":true,\"valueName\":\"search_term_string\"}}],\"inLanguage\":\"de-CH\"},[]]}<\/script>\n<!-- \/ Yoast SEO plugin. -->","yoast_head_json":{"title":"CARA WESEL 2944 P + 100 SD - BHB Bertsch Holzbau","robots":{"index":"index","follow":"follow","max-snippet":"max-snippet:-1","max-image-preview":"max-image-preview:large","max-video-preview":"max-video-preview:-1"},"og_locale":"de_DE","og_type":"article","og_title":"CARA WESEL 2944 P + 100 SD - BHB Bertsch Holzbau","og_description":"Bauart St\u00e4nderbau \/ CARA Dachform Pultdach Wandst\u00e4rke 28 mm Wandau\u00dfenma\u00df (B\/T) 294\/332 x 436 cm Seitenwandh\u00f6he 197 cm Firsth\u00f6he 240 cm Umbauter Raum 35 m\u00b3 Wandfl\u00e4che 28,8 m\u00b2 Dachfl\u00e4che 22 m\u00b2 Dach\u00fcberstand Vorne 30 cm Dach\u00fcberstand Hinten 20 cm Dach\u00fcberstand Links 20 cm Dach\u00fcberstand Rechts 20 cm Dachneigung 8 \u00b0 T\u00fcren ET 115 x 200 [&hellip;]","og_url":"https:\/\/bertsch-holzbau.eu\/ch\/produkt\/cara-wesel-2944-p-100-sd\/","og_site_name":"BHB Bertsch Holzbau","article_publisher":"https:\/\/www.facebook.com\/bertschholzbau\/","article_modified_time":"2026-04-27T12:08:13+00:00","twitter_card":"summary_large_image","twitter_misc":{"Gesch\u00e4tzte Lesezeit":"1\u00a0Minute"},"schema":{"@context":"https:\/\/schema.org","@graph":[{"@type":"WebPage","@id":"https:\/\/bertsch-holzbau.eu\/ch\/produkt\/cara-wesel-2944-p-100-sd\/","url":"https:\/\/bertsch-holzbau.eu\/ch\/produkt\/cara-wesel-2944-p-100-sd\/","name":"CARA WESEL 2944 P + 100 SD - BHB Bertsch Holzbau","isPartOf":{"@id":"https:\/\/bertsch-holzbau.eu\/ch\/#website"},"datePublished":"2024-10-18T06:51:18+00:00","dateModified":"2026-04-27T12:08:13+00:00","breadcrumb":{"@id":"https:\/\/bertsch-holzbau.eu\/ch\/produkt\/cara-wesel-2944-p-100-sd\/#breadcrumb"},"inLanguage":"de-CH","potentialAction":[{"@type":"ReadAction","target":["https:\/\/bertsch-holzbau.eu\/ch\/produkt\/cara-wesel-2944-p-100-sd\/"]}]},{"@type":"BreadcrumbList","@id":"https:\/\/bertsch-holzbau.eu\/ch\/produkt\/cara-wesel-2944-p-100-sd\/#breadcrumb","itemListElement":[{"@type":"ListItem","position":1,"name":"Home","item":"https:\/\/bertsch-holzbau.eu\/ch\/"},{"@type":"ListItem","position":2,"name":"Produkty","item":"https:\/\/bertsch-holzbau.eu\/ch\/produkt\/"},{"@type":"ListItem","position":3,"name":"CARA WESEL 2944 P + 100 SD"}]},{"@type":"WebSite","@id":"https:\/\/bertsch-holzbau.eu\/ch\/#website","url":"https:\/\/bertsch-holzbau.eu\/ch\/","name":"BHB Bertsch Holzbau","description":"","publisher":{"@id":"https:\/\/bertsch-holzbau.eu\/ch\/#organization"},"potentialAction":[{"@type":"SearchAction","target":{"@type":"EntryPoint","urlTemplate":"https:\/\/bertsch-holzbau.eu\/ch\/?s={search_term_string}"},"query-input":{"@type":"PropertyValueSpecification","valueRequired":true,"valueName":"search_term_string"}}],"inLanguage":"de-CH"},[]]}},"_links":{"self":[{"href":"https:\/\/bertsch-holzbau.eu\/ch\/wp-json\/wp\/v2\/produkt\/78236","targetHints":{"allow":["GET"]}}],"collection":[{"href":"https:\/\/bertsch-holzbau.eu\/ch\/wp-json\/wp\/v2\/produkt"}],"about":[{"href":"https:\/\/bertsch-holzbau.eu\/ch\/wp-json\/wp\/v2\/types\/produkt"}],"replies":[{"embeddable":true,"href":"https:\/\/bertsch-holzbau.eu\/ch\/wp-json\/wp\/v2\/comments?post=78236"}],"version-history":[{"count":1,"href":"https:\/\/bertsch-holzbau.eu\/ch\/wp-json\/wp\/v2\/produkt\/78236\/revisions"}],"predecessor-version":[{"id":114256,"href":"https:\/\/bertsch-holzbau.eu\/ch\/wp-json\/wp\/v2\/produkt\/78236\/revisions\/114256"}],"wp:attachment":[{"href":"https:\/\/bertsch-holzbau.eu\/ch\/wp-json\/wp\/v2\/media?parent=78236"}],"wp:term":[{"taxonomy":"produkt-category","embeddable":true,"href":"https:\/\/bertsch-holzbau.eu\/ch\/wp-json\/wp\/v2\/produkt-category?post=78236"}],"curies":[{"name":"wp","href":"https:\/\/api.w.org\/{rel}","templated":true}]}}

<figure class="wp-block-table"><table class="has-fixed-layout"><tbody><tr><td>Bauart</td><td>Ständerbau / CARA</td></tr><tr><td>Dachform</td><td>Pultdach</td></tr><tr><td>Wandstärke</td><td>28 mm</td></tr><tr><td>Wandaußenmaß (B/T)</td><td>294/332 x 436 cm</td></tr><tr><td>Seitenwandhöhe</td><td>197 cm</td></tr><tr><td>Firsthöhe</td><td>240 cm</td></tr><tr><td>Umbauter Raum</td><td>35 m³</td></tr><tr><td>Wandfläche</td><td>28,8 m²</td></tr><tr><td>Dachfläche</td><td>22 m²</td></tr><tr><td>Dachüberstand Vorne</td><td>30 cm</td></tr><tr><td>Dachüberstand Hinten</td><td>20 cm</td></tr><tr><td>Dachüberstand Links</td><td>20 cm</td></tr><tr><td>Dachüberstand Rechts</td><td>20 cm</td></tr><tr><td>Dachneigung</td><td>8 °</td></tr><tr><td>Türen</td><td>ET 115 x 200 cm</td></tr><tr><td>Fenster</td><td>2 x EF 70 x 170 cm</td></tr><tr><td>Optionales Zubehör</td><td>1 x Dachrinne: 303B<br>1 x EPDM Folie: EPDM-0073</td></tr><tr><td>Weitere Infos</td><td>mit Schleppdach (Holzlege)</td></tr><tr><td>Objekt ID</td><td>15</td></tr></tbody></table></figure>

<!-- This site is optimized with the Yoast SEO plugin v27.8 - https://yoast.com/product/yoast-seo-wordpress/ -->
<title>CARA WESEL 2944 P + 100 SD - BHB Bertsch Holzbau</title>
<meta name="robots" content="index, follow, max-snippet:-1, max-image-preview:large, max-video-preview:-1" />
<meta property="og:locale" content="de_DE" />
<meta property="og:type" content="article" />
<meta property="og:title" content="CARA WESEL 2944 P + 100 SD - BHB Bertsch Holzbau" />
<meta property="og:description" content="Bauart Ständerbau / CARA Dachform Pultdach Wandstärke 28 mm Wandaußenmaß (B/T) 294/332 x 436 cm Seitenwandhöhe 197 cm Firsthöhe 240 cm Umbauter Raum 35 m³ Wandfläche 28,8 m² Dachfläche 22 m² Dachüberstand Vorne 30 cm Dachüberstand Hinten 20 cm Dachüberstand Links 20 cm Dachüberstand Rechts 20 cm Dachneigung 8 ° Türen ET 115 x 200 [&hellip;]" />
<meta property="og:url" content="https://bertsch-holzbau.eu/ch/produkt/cara-wesel-2944-p-100-sd/" />
<meta property="og:site_name" content="BHB Bertsch Holzbau" />
<meta property="article:publisher" content="https://www.facebook.com/bertschholzbau/" />
<meta property="article:modified_time" content="2026-04-27T12:08:13+00:00" />
<meta name="twitter:card" content="summary_large_image" />
<meta name="twitter:label1" content="Geschätzte Lesezeit" />
	<meta name="twitter:data1" content="1 Minute" />
<script type="application/ld+json" class="yoast-schema-graph">{"@context":"https:\/\/schema.org","@graph":[{"@type":"WebPage","@id":"https:\/\/bertsch-holzbau.eu\/ch\/produkt\/cara-wesel-2944-p-100-sd\/","url":"https:\/\/bertsch-holzbau.eu\/ch\/produkt\/cara-wesel-2944-p-100-sd\/","name":"CARA WESEL 2944 P + 100 SD - BHB Bertsch Holzbau","isPartOf":{"@id":"https:\/\/bertsch-holzbau.eu\/ch\/#website"},"datePublished":"2024-10-18T06:51:18+00:00","dateModified":"2026-04-27T12:08:13+00:00","breadcrumb":{"@id":"https:\/\/bertsch-holzbau.eu\/ch\/produkt\/cara-wesel-2944-p-100-sd\/#breadcrumb"},"inLanguage":"de-CH","potentialAction":[{"@type":"ReadAction","target":["https:\/\/bertsch-holzbau.eu\/ch\/produkt\/cara-wesel-2944-p-100-sd\/"]}]},{"@type":"BreadcrumbList","@id":"https:\/\/bertsch-holzbau.eu\/ch\/produkt\/cara-wesel-2944-p-100-sd\/#breadcrumb","itemListElement":[{"@type":"ListItem","position":1,"name":"Home","item":"https:\/\/bertsch-holzbau.eu\/ch\/"},{"@type":"ListItem","position":2,"name":"Produkty","item":"https:\/\/bertsch-holzbau.eu\/ch\/produkt\/"},{"@type":"ListItem","position":3,"name":"CARA WESEL 2944 P + 100 SD"}]},{"@type":"WebSite","@id":"https:\/\/bertsch-holzbau.eu\/ch\/#website","url":"https:\/\/bertsch-holzbau.eu\/ch\/","name":"BHB Bertsch Holzbau","description":"","publisher":{"@id":"https:\/\/bertsch-holzbau.eu\/ch\/#organization"},"potentialAction":[{"@type":"SearchAction","target":{"@type":"EntryPoint","urlTemplate":"https:\/\/bertsch-holzbau.eu\/ch\/?s={search_term_string}"},"query-input":{"@type":"PropertyValueSpecification","valueRequired":true,"valueName":"search_term_string"}}],"inLanguage":"de-CH"},[]]}</script>
<!-- / Yoast SEO plugin. -->

Bauart Ständerbau / CARA Dachform Pultdach Wandstärke 28 mm Wandaußenmaß (B/T) 294/332 x 436 cm Seitenwandhöhe 197 cm Firsthöhe 240 cm Umbauter Raum 35 m³ Wandfläche 28,8 m² Dachfläche 22 m² Dachüberstand Vorne 30 cm Dachüberstand Hinten 20 cm Dachüberstand Links 20 cm Dachüberstand Rechts 20 cm Dachneigung 8 ° Türen ET 115 x 200 [&hellip;]
