{"id":49001,"date":"2024-08-06T23:50:36","date_gmt":"2024-08-06T21:50:36","guid":{"rendered":"https:\/\/bertsch-holzbau.eu\/produkt\/carport-cicero-5750-f-3027-an\/"},"modified":"2026-04-28T08:19:56","modified_gmt":"2026-04-28T06:19:56","slug":"carport-cicero-5750-f-3027-an","status":"publish","type":"produkt","link":"https:\/\/bertsch-holzbau.eu\/ch\/produkt\/carport-cicero-5750-f-3027-an\/","title":{"rendered":"CARPORT CICERO 5750 F + 3027 AN"},"content":{"rendered":"\n<figure class=\"wp-block-table\"><table class=\"has-fixed-layout\"><tbody><tr><td>Bauart<\/td><td>St\u00e4nderbau \/ Carport<\/td><\/tr><tr><td>Dachform<\/td><td>Flachdach<\/td><\/tr><tr><td>Wandst\u00e4rke<\/td><td>45 mm<\/td><\/tr><tr><td>Wandau\u00dfenma\u00df (B\/T)<\/td><td>567 x 500 cm<\/td><\/tr><tr><td>Wandh\u00f6he Vorne<\/td><td>263 cm<\/td><\/tr><tr><td>Wandh\u00f6he Hinten<\/td><td>258 cm<\/td><\/tr><tr><td>Umbauter Raum<\/td><td>118 m\u00b3<\/td><\/tr><tr><td>Dachfl\u00e4che<\/td><td>47 m\u00b2<\/td><\/tr><tr><td>Dach\u00fcberstand Vorne<\/td><td>70 cm<\/td><\/tr><tr><td>Dach\u00fcberstand Hinten<\/td><td>20 cm<\/td><\/tr><tr><td>Dach\u00fcberstand Links<\/td><td>20 cm<\/td><\/tr><tr><td>Dach\u00fcberstand Rechts<\/td><td>20 cm<\/td><\/tr><tr><td>Dachneigung<\/td><td>1 \u00b0<\/td><\/tr><tr><td>T\u00fcren<\/td><td>DT 150 x 186 cm<\/td><\/tr><tr><td>Fenster<\/td><td>EF 75 x 88 cm<\/td><\/tr><tr><td>Optionales Zubeh\u00f6r<\/td><td>2 x Fallrohrset: F2<br>1 x EPDM Folie: EPDM-0155<\/td><\/tr><tr><td>Weitere Infos<\/td><td>AN 270 x 304<\/td><\/tr><tr><td>Objekt ID<\/td><td>444<\/td><\/tr><\/tbody><\/table><\/figure>\n","protected":false},"featured_media":0,"comment_status":"open","ping_status":"closed","template":"","produkt-category":[269],"class_list":["post-49001","produkt","type-produkt","status-publish","hentry","produkt-category-carports-aus-holz-ch-2"],"acf":[],"yoast_head":"<!-- This site is optimized with the Yoast SEO plugin v27.8 - https:\/\/yoast.com\/product\/yoast-seo-wordpress\/ -->\n<title>CARPORT CICERO 5750 F + 3027 AN - BHB Bertsch Holzbau<\/title>\n<meta name=\"robots\" content=\"index, follow, max-snippet:-1, max-image-preview:large, max-video-preview:-1\" \/>\n<meta property=\"og:locale\" content=\"de_DE\" \/>\n<meta property=\"og:type\" content=\"article\" \/>\n<meta property=\"og:title\" content=\"CARPORT CICERO 5750 F + 3027 AN - BHB Bertsch Holzbau\" \/>\n<meta property=\"og:description\" content=\"Bauart St\u00e4nderbau \/ Carport Dachform Flachdach Wandst\u00e4rke 45 mm Wandau\u00dfenma\u00df (B\/T) 567 x 500 cm Wandh\u00f6he Vorne 263 cm Wandh\u00f6he Hinten 258 cm Umbauter Raum 118 m\u00b3 Dachfl\u00e4che 47 m\u00b2 Dach\u00fcberstand Vorne 70 cm Dach\u00fcberstand Hinten 20 cm Dach\u00fcberstand Links 20 cm Dach\u00fcberstand Rechts 20 cm Dachneigung 1 \u00b0 T\u00fcren DT 150 x 186 cm [&hellip;]\" \/>\n<meta property=\"og:url\" content=\"https:\/\/bertsch-holzbau.eu\/ch\/produkt\/carport-cicero-5750-f-3027-an\/\" \/>\n<meta property=\"og:site_name\" content=\"BHB Bertsch Holzbau\" \/>\n<meta property=\"article:publisher\" content=\"https:\/\/www.facebook.com\/bertschholzbau\/\" \/>\n<meta property=\"article:modified_time\" content=\"2026-04-28T06:19:56+00:00\" \/>\n<meta name=\"twitter:card\" content=\"summary_large_image\" \/>\n<meta name=\"twitter:label1\" content=\"Gesch\u00e4tzte Lesezeit\" \/>\n\t<meta name=\"twitter:data1\" content=\"1\u00a0Minute\" \/>\n<script type=\"application\/ld+json\" class=\"yoast-schema-graph\">{\"@context\":\"https:\\\/\\\/schema.org\",\"@graph\":[{\"@type\":\"WebPage\",\"@id\":\"https:\\\/\\\/bertsch-holzbau.eu\\\/ch\\\/produkt\\\/carport-cicero-5750-f-3027-an\\\/\",\"url\":\"https:\\\/\\\/bertsch-holzbau.eu\\\/ch\\\/produkt\\\/carport-cicero-5750-f-3027-an\\\/\",\"name\":\"CARPORT CICERO 5750 F + 3027 AN - BHB Bertsch Holzbau\",\"isPartOf\":{\"@id\":\"https:\\\/\\\/bertsch-holzbau.eu\\\/ch\\\/#website\"},\"datePublished\":\"2024-08-06T21:50:36+00:00\",\"dateModified\":\"2026-04-28T06:19:56+00:00\",\"breadcrumb\":{\"@id\":\"https:\\\/\\\/bertsch-holzbau.eu\\\/ch\\\/produkt\\\/carport-cicero-5750-f-3027-an\\\/#breadcrumb\"},\"inLanguage\":\"de-CH\",\"potentialAction\":[{\"@type\":\"ReadAction\",\"target\":[\"https:\\\/\\\/bertsch-holzbau.eu\\\/ch\\\/produkt\\\/carport-cicero-5750-f-3027-an\\\/\"]}]},{\"@type\":\"BreadcrumbList\",\"@id\":\"https:\\\/\\\/bertsch-holzbau.eu\\\/ch\\\/produkt\\\/carport-cicero-5750-f-3027-an\\\/#breadcrumb\",\"itemListElement\":[{\"@type\":\"ListItem\",\"position\":1,\"name\":\"Home\",\"item\":\"https:\\\/\\\/bertsch-holzbau.eu\\\/ch\\\/\"},{\"@type\":\"ListItem\",\"position\":2,\"name\":\"Produkty\",\"item\":\"https:\\\/\\\/bertsch-holzbau.eu\\\/ch\\\/produkt\\\/\"},{\"@type\":\"ListItem\",\"position\":3,\"name\":\"CARPORT CICERO 5750 F + 3027 AN\"}]},{\"@type\":\"WebSite\",\"@id\":\"https:\\\/\\\/bertsch-holzbau.eu\\\/ch\\\/#website\",\"url\":\"https:\\\/\\\/bertsch-holzbau.eu\\\/ch\\\/\",\"name\":\"BHB Bertsch Holzbau\",\"description\":\"\",\"publisher\":{\"@id\":\"https:\\\/\\\/bertsch-holzbau.eu\\\/ch\\\/#organization\"},\"potentialAction\":[{\"@type\":\"SearchAction\",\"target\":{\"@type\":\"EntryPoint\",\"urlTemplate\":\"https:\\\/\\\/bertsch-holzbau.eu\\\/ch\\\/?s={search_term_string}\"},\"query-input\":{\"@type\":\"PropertyValueSpecification\",\"valueRequired\":true,\"valueName\":\"search_term_string\"}}],\"inLanguage\":\"de-CH\"},[]]}<\/script>\n<!-- \/ Yoast SEO plugin. -->","yoast_head_json":{"title":"CARPORT CICERO 5750 F + 3027 AN - BHB Bertsch Holzbau","robots":{"index":"index","follow":"follow","max-snippet":"max-snippet:-1","max-image-preview":"max-image-preview:large","max-video-preview":"max-video-preview:-1"},"og_locale":"de_DE","og_type":"article","og_title":"CARPORT CICERO 5750 F + 3027 AN - BHB Bertsch Holzbau","og_description":"Bauart St\u00e4nderbau \/ Carport Dachform Flachdach Wandst\u00e4rke 45 mm Wandau\u00dfenma\u00df (B\/T) 567 x 500 cm Wandh\u00f6he Vorne 263 cm Wandh\u00f6he Hinten 258 cm Umbauter Raum 118 m\u00b3 Dachfl\u00e4che 47 m\u00b2 Dach\u00fcberstand Vorne 70 cm Dach\u00fcberstand Hinten 20 cm Dach\u00fcberstand Links 20 cm Dach\u00fcberstand Rechts 20 cm Dachneigung 1 \u00b0 T\u00fcren DT 150 x 186 cm [&hellip;]","og_url":"https:\/\/bertsch-holzbau.eu\/ch\/produkt\/carport-cicero-5750-f-3027-an\/","og_site_name":"BHB Bertsch Holzbau","article_publisher":"https:\/\/www.facebook.com\/bertschholzbau\/","article_modified_time":"2026-04-28T06:19:56+00:00","twitter_card":"summary_large_image","twitter_misc":{"Gesch\u00e4tzte Lesezeit":"1\u00a0Minute"},"schema":{"@context":"https:\/\/schema.org","@graph":[{"@type":"WebPage","@id":"https:\/\/bertsch-holzbau.eu\/ch\/produkt\/carport-cicero-5750-f-3027-an\/","url":"https:\/\/bertsch-holzbau.eu\/ch\/produkt\/carport-cicero-5750-f-3027-an\/","name":"CARPORT CICERO 5750 F + 3027 AN - BHB Bertsch Holzbau","isPartOf":{"@id":"https:\/\/bertsch-holzbau.eu\/ch\/#website"},"datePublished":"2024-08-06T21:50:36+00:00","dateModified":"2026-04-28T06:19:56+00:00","breadcrumb":{"@id":"https:\/\/bertsch-holzbau.eu\/ch\/produkt\/carport-cicero-5750-f-3027-an\/#breadcrumb"},"inLanguage":"de-CH","potentialAction":[{"@type":"ReadAction","target":["https:\/\/bertsch-holzbau.eu\/ch\/produkt\/carport-cicero-5750-f-3027-an\/"]}]},{"@type":"BreadcrumbList","@id":"https:\/\/bertsch-holzbau.eu\/ch\/produkt\/carport-cicero-5750-f-3027-an\/#breadcrumb","itemListElement":[{"@type":"ListItem","position":1,"name":"Home","item":"https:\/\/bertsch-holzbau.eu\/ch\/"},{"@type":"ListItem","position":2,"name":"Produkty","item":"https:\/\/bertsch-holzbau.eu\/ch\/produkt\/"},{"@type":"ListItem","position":3,"name":"CARPORT CICERO 5750 F + 3027 AN"}]},{"@type":"WebSite","@id":"https:\/\/bertsch-holzbau.eu\/ch\/#website","url":"https:\/\/bertsch-holzbau.eu\/ch\/","name":"BHB Bertsch Holzbau","description":"","publisher":{"@id":"https:\/\/bertsch-holzbau.eu\/ch\/#organization"},"potentialAction":[{"@type":"SearchAction","target":{"@type":"EntryPoint","urlTemplate":"https:\/\/bertsch-holzbau.eu\/ch\/?s={search_term_string}"},"query-input":{"@type":"PropertyValueSpecification","valueRequired":true,"valueName":"search_term_string"}}],"inLanguage":"de-CH"},[]]}},"_links":{"self":[{"href":"https:\/\/bertsch-holzbau.eu\/ch\/wp-json\/wp\/v2\/produkt\/49001","targetHints":{"allow":["GET"]}}],"collection":[{"href":"https:\/\/bertsch-holzbau.eu\/ch\/wp-json\/wp\/v2\/produkt"}],"about":[{"href":"https:\/\/bertsch-holzbau.eu\/ch\/wp-json\/wp\/v2\/types\/produkt"}],"replies":[{"embeddable":true,"href":"https:\/\/bertsch-holzbau.eu\/ch\/wp-json\/wp\/v2\/comments?post=49001"}],"version-history":[{"count":1,"href":"https:\/\/bertsch-holzbau.eu\/ch\/wp-json\/wp\/v2\/produkt\/49001\/revisions"}],"predecessor-version":[{"id":102727,"href":"https:\/\/bertsch-holzbau.eu\/ch\/wp-json\/wp\/v2\/produkt\/49001\/revisions\/102727"}],"wp:attachment":[{"href":"https:\/\/bertsch-holzbau.eu\/ch\/wp-json\/wp\/v2\/media?parent=49001"}],"wp:term":[{"taxonomy":"produkt-category","embeddable":true,"href":"https:\/\/bertsch-holzbau.eu\/ch\/wp-json\/wp\/v2\/produkt-category?post=49001"}],"curies":[{"name":"wp","href":"https:\/\/api.w.org\/{rel}","templated":true}]}}

<figure class="wp-block-table"><table class="has-fixed-layout"><tbody><tr><td>Bauart</td><td>Ständerbau / Carport</td></tr><tr><td>Dachform</td><td>Flachdach</td></tr><tr><td>Wandstärke</td><td>45 mm</td></tr><tr><td>Wandaußenmaß (B/T)</td><td>567 x 500 cm</td></tr><tr><td>Wandhöhe Vorne</td><td>263 cm</td></tr><tr><td>Wandhöhe Hinten</td><td>258 cm</td></tr><tr><td>Umbauter Raum</td><td>118 m³</td></tr><tr><td>Dachfläche</td><td>47 m²</td></tr><tr><td>Dachüberstand Vorne</td><td>70 cm</td></tr><tr><td>Dachüberstand Hinten</td><td>20 cm</td></tr><tr><td>Dachüberstand Links</td><td>20 cm</td></tr><tr><td>Dachüberstand Rechts</td><td>20 cm</td></tr><tr><td>Dachneigung</td><td>1 °</td></tr><tr><td>Türen</td><td>DT 150 x 186 cm</td></tr><tr><td>Fenster</td><td>EF 75 x 88 cm</td></tr><tr><td>Optionales Zubehör</td><td>2 x Fallrohrset: F2<br>1 x EPDM Folie: EPDM-0155</td></tr><tr><td>Weitere Infos</td><td>AN 270 x 304</td></tr><tr><td>Objekt ID</td><td>444</td></tr></tbody></table></figure>

<!-- This site is optimized with the Yoast SEO plugin v27.8 - https://yoast.com/product/yoast-seo-wordpress/ -->
<title>CARPORT CICERO 5750 F + 3027 AN - BHB Bertsch Holzbau</title>
<meta name="robots" content="index, follow, max-snippet:-1, max-image-preview:large, max-video-preview:-1" />
<meta property="og:locale" content="de_DE" />
<meta property="og:type" content="article" />
<meta property="og:title" content="CARPORT CICERO 5750 F + 3027 AN - BHB Bertsch Holzbau" />
<meta property="og:description" content="Bauart Ständerbau / Carport Dachform Flachdach Wandstärke 45 mm Wandaußenmaß (B/T) 567 x 500 cm Wandhöhe Vorne 263 cm Wandhöhe Hinten 258 cm Umbauter Raum 118 m³ Dachfläche 47 m² Dachüberstand Vorne 70 cm Dachüberstand Hinten 20 cm Dachüberstand Links 20 cm Dachüberstand Rechts 20 cm Dachneigung 1 ° Türen DT 150 x 186 cm [&hellip;]" />
<meta property="og:url" content="https://bertsch-holzbau.eu/ch/produkt/carport-cicero-5750-f-3027-an/" />
<meta property="og:site_name" content="BHB Bertsch Holzbau" />
<meta property="article:publisher" content="https://www.facebook.com/bertschholzbau/" />
<meta property="article:modified_time" content="2026-04-28T06:19:56+00:00" />
<meta name="twitter:card" content="summary_large_image" />
<meta name="twitter:label1" content="Geschätzte Lesezeit" />
	<meta name="twitter:data1" content="1 Minute" />
<script type="application/ld+json" class="yoast-schema-graph">{"@context":"https:\/\/schema.org","@graph":[{"@type":"WebPage","@id":"https:\/\/bertsch-holzbau.eu\/ch\/produkt\/carport-cicero-5750-f-3027-an\/","url":"https:\/\/bertsch-holzbau.eu\/ch\/produkt\/carport-cicero-5750-f-3027-an\/","name":"CARPORT CICERO 5750 F + 3027 AN - BHB Bertsch Holzbau","isPartOf":{"@id":"https:\/\/bertsch-holzbau.eu\/ch\/#website"},"datePublished":"2024-08-06T21:50:36+00:00","dateModified":"2026-04-28T06:19:56+00:00","breadcrumb":{"@id":"https:\/\/bertsch-holzbau.eu\/ch\/produkt\/carport-cicero-5750-f-3027-an\/#breadcrumb"},"inLanguage":"de-CH","potentialAction":[{"@type":"ReadAction","target":["https:\/\/bertsch-holzbau.eu\/ch\/produkt\/carport-cicero-5750-f-3027-an\/"]}]},{"@type":"BreadcrumbList","@id":"https:\/\/bertsch-holzbau.eu\/ch\/produkt\/carport-cicero-5750-f-3027-an\/#breadcrumb","itemListElement":[{"@type":"ListItem","position":1,"name":"Home","item":"https:\/\/bertsch-holzbau.eu\/ch\/"},{"@type":"ListItem","position":2,"name":"Produkty","item":"https:\/\/bertsch-holzbau.eu\/ch\/produkt\/"},{"@type":"ListItem","position":3,"name":"CARPORT CICERO 5750 F + 3027 AN"}]},{"@type":"WebSite","@id":"https:\/\/bertsch-holzbau.eu\/ch\/#website","url":"https:\/\/bertsch-holzbau.eu\/ch\/","name":"BHB Bertsch Holzbau","description":"","publisher":{"@id":"https:\/\/bertsch-holzbau.eu\/ch\/#organization"},"potentialAction":[{"@type":"SearchAction","target":{"@type":"EntryPoint","urlTemplate":"https:\/\/bertsch-holzbau.eu\/ch\/?s={search_term_string}"},"query-input":{"@type":"PropertyValueSpecification","valueRequired":true,"valueName":"search_term_string"}}],"inLanguage":"de-CH"},[]]}</script>
<!-- / Yoast SEO plugin. -->

Bauart Ständerbau / Carport Dachform Flachdach Wandstärke 45 mm Wandaußenmaß (B/T) 567 x 500 cm Wandhöhe Vorne 263 cm Wandhöhe Hinten 258 cm Umbauter Raum 118 m³ Dachfläche 47 m² Dachüberstand Vorne 70 cm Dachüberstand Hinten 20 cm Dachüberstand Links 20 cm Dachüberstand Rechts 20 cm Dachneigung 1 ° Türen DT 150 x 186 cm [&hellip;]
